CRAN Package Check Results for Package statespacer

Last updated on 2024-02-29 04:54:29 CET.

Flavor Version Tinstall Tcheck Ttotal Status Flags
r-devel-linux-x86_64-debian-clang 0.5.0 121.89 134.73 256.62 OK
r-devel-linux-x86_64-debian-gcc 0.5.0 96.55 120.76 217.31 OK
r-devel-linux-x86_64-fedora-clang 0.5.0 344.57 OK
r-devel-linux-x86_64-fedora-gcc 0.5.0 379.16 OK
r-devel-windows-x86_64 0.5.0 90.00 144.00 234.00 OK
r-patched-linux-x86_64 0.5.0 131.30 148.63 279.93 OK
r-release-linux-x86_64 0.5.0 116.39 147.10 263.49 OK
r-release-macos-arm64 0.5.0 111.00 NOTE
r-release-macos-x86_64 0.5.0 181.00 NOTE
r-release-windows-x86_64 0.5.0 118.00 184.00 302.00 OK
r-oldrel-macos-arm64 0.5.0 93.00 NOTE
r-oldrel-windows-x86_64 0.5.0 115.00 172.00 287.00 OK

Check Details

Version: 0.5.0
Check: installed package size
Result: NOTE installed size is 7.1Mb sub-directories of 1Mb or more: libs 6.4Mb Flavors: r-release-macos-arm64, r-release-macos-x86_64, r-oldrel-macos-arm64