CRAN Package Check Results for Package standby

Last updated on 2024-03-02 04:48:36 CET.

Flavor Version Tinstall Tcheck Ttotal Status Flags
r-devel-linux-x86_64-debian-clang 0.1.0 5.29 56.59 61.88 NOTE
r-devel-linux-x86_64-debian-gcc 0.1.0 4.00 43.79 47.79 NOTE
r-devel-linux-x86_64-fedora-clang 0.1.0 75.31 NOTE
r-devel-linux-x86_64-fedora-gcc 0.1.0 84.71 NOTE
r-devel-windows-x86_64 0.1.0 6.00 71.00 77.00 OK
r-patched-linux-x86_64 0.1.0 5.33 55.33 60.66 OK
r-release-linux-x86_64 0.1.0 3.99 55.67 59.66 OK
r-release-macos-arm64 0.1.0 35.00 OK
r-release-macos-x86_64 0.1.0 66.00 OK
r-release-windows-x86_64 0.1.0 8.00 78.00 86.00 OK
r-oldrel-macos-arm64 0.1.0 32.00 OK
r-oldrel-windows-x86_64 0.1.0 8.00 78.00 86.00 OK

Check Details

Version: 0.1.0
Check: Rd files
Result: NOTE checkRd: (-1) alertify.Rd:69: Lost braces 69 | \item{closable}{Logical; if \code{TRUE} (the default), a |code{Close} button is displayed in the header of the dialog.} | ^ checkRd: (-1) notify.Rd:47: Lost braces 47 | \item{hide}{Logical; if \code{TRUE} (the default), notice is closed after |code{delay} specified in milliseconds.} | ^ Flavors: r-devel-linux-x86_64-debian-clang, r-devel-linux-x86_64-debian-gcc, r-devel-linux-x86_64-fedora-clang, r-devel-linux-x86_64-fedora-gcc