CRAN Package Check Results for Package stabs

Last updated on 2024-02-29 04:54:29 CET.

Flavor Version Tinstall Tcheck Ttotal Status Flags
r-devel-linux-x86_64-debian-clang 0.6-4 3.48 79.53 83.01 NOTE
r-devel-linux-x86_64-debian-gcc 0.6-4 2.36 62.06 64.42 NOTE
r-devel-linux-x86_64-fedora-clang 0.6-4 105.75 NOTE
r-devel-linux-x86_64-fedora-gcc 0.6-4 103.65 NOTE
r-devel-windows-x86_64 0.6-4 4.00 59.00 63.00 NOTE
r-patched-linux-x86_64 0.6-4 2.55 77.55 80.10 NOTE
r-release-linux-x86_64 0.6-4 3.22 77.31 80.53 NOTE
r-release-macos-arm64 0.6-4 36.00 NOTE
r-release-macos-x86_64 0.6-4 50.00 NOTE
r-release-windows-x86_64 0.6-4 5.00 65.00 70.00 NOTE
r-oldrel-macos-arm64 0.6-4 29.00 NOTE
r-oldrel-windows-x86_64 0.6-4 5.00 72.00 77.00 NOTE

Check Details

Version: 0.6-4
Check: Rd files
Result: NOTE checkRd: (-1) stabsel_parameters.Rd:42: Lost braces 42 | always use code{"none"}.} | ^ checkRd: (-1) stabsel_stabsel.Rd:25: Lost braces 25 | always use code{"none"}.} | ^ Flavors: r-devel-linux-x86_64-debian-clang, r-devel-linux-x86_64-debian-gcc, r-devel-linux-x86_64-fedora-clang, r-devel-linux-x86_64-fedora-gcc

Version: 0.6-4
Check: LazyData
Result: NOTE 'LazyData' is specified without a 'data' directory Flavors: r-devel-linux-x86_64-debian-clang, r-devel-linux-x86_64-debian-gcc, r-devel-linux-x86_64-fedora-clang, r-devel-linux-x86_64-fedora-gcc, r-devel-windows-x86_64, r-patched-linux-x86_64, r-release-linux-x86_64, r-release-macos-arm64, r-release-macos-x86_64, r-release-windows-x86_64, r-oldrel-macos-arm64, r-oldrel-windows-x86_64