Last updated on 2023-11-28 04:57:35 CET.
Flavor | Version | Tinstall | Tcheck | Ttotal | Status | Flags |
---|---|---|---|---|---|---|
r-devel-linux-x86_64-debian-clang | 0.1-5 | 12.16 | 154.03 | 166.19 | OK | |
r-devel-linux-x86_64-debian-gcc | 0.1-5 | 9.84 | 114.06 | 123.90 | OK | |
r-devel-linux-x86_64-fedora-clang | 0.1-5 | 204.48 | NOTE | |||
r-devel-linux-x86_64-fedora-gcc | 0.1-5 | 207.10 | NOTE | |||
r-devel-windows-x86_64 | 0.1-5 | 11.00 | 130.00 | 141.00 | OK | |
r-patched-linux-x86_64 | 0.1-5 | 15.65 | 149.42 | 165.07 | OK | |
r-release-linux-x86_64 | 0.1-5 | 10.55 | 148.24 | 158.79 | OK | |
r-release-macos-arm64 | 0.1-5 | 65.00 | OK | |||
r-release-macos-x86_64 | 0.1-5 | 124.00 | OK | |||
r-release-windows-x86_64 | 0.1-5 | 16.00 | 158.00 | 174.00 | OK | |
r-oldrel-macos-arm64 | 0.1-5 | 58.00 | OK | |||
r-oldrel-macos-x86_64 | 0.1-5 | 85.00 | OK | |||
r-oldrel-windows-x86_64 | 0.1-5 | 15.00 | 160.00 | 175.00 | OK |
Version: 0.1-5
Check: data for non-ASCII characters
Result: NOTE
Note: found 123 marked UTF-8 strings
Flavors: r-devel-linux-x86_64-fedora-clang, r-devel-linux-x86_64-fedora-gcc