Last updated on 2023-11-30 04:53:08 CET.
Flavor | Version | Tinstall | Tcheck | Ttotal | Status | Flags |
---|---|---|---|---|---|---|
r-devel-linux-x86_64-debian-clang | 1.1.6 | 5.52 | 32.14 | 37.66 | NOTE | |
r-devel-linux-x86_64-debian-gcc | 1.1.6 | 4.19 | 24.56 | 28.75 | NOTE | |
r-devel-linux-x86_64-fedora-clang | 1.1.6 | 47.09 | NOTE | |||
r-devel-linux-x86_64-fedora-gcc | 1.1.6 | 44.16 | NOTE | |||
r-devel-windows-x86_64 | 1.1.6 | 13.00 | 51.00 | 64.00 | NOTE | |
r-patched-linux-x86_64 | 1.1.6 | 4.44 | 31.12 | 35.56 | NOTE | |
r-release-linux-x86_64 | 1.1.6 | 5.04 | 31.08 | 36.12 | NOTE | |
r-release-macos-arm64 | 1.1.6 | 20.00 | NOTE | |||
r-release-macos-x86_64 | 1.1.6 | 26.00 | NOTE | |||
r-release-windows-x86_64 | 1.1.6 | 9.00 | 53.00 | 62.00 | NOTE | |
r-oldrel-macos-arm64 | 1.1.6 | 22.00 | OK | |||
r-oldrel-macos-x86_64 | 1.1.6 | 26.00 | OK | |||
r-oldrel-windows-x86_64 | 1.1.6 | 13.00 | 60.00 | 73.00 | OK |
Version: 1.1.6
Check: package subdirectories
Result: NOTE
Problems with news in ‘NEWS.md’:
No news entries found.
Flavors: r-devel-linux-x86_64-debian-clang, r-devel-linux-x86_64-debian-gcc, r-devel-linux-x86_64-fedora-clang, r-devel-linux-x86_64-fedora-gcc, r-devel-windows-x86_64, r-patched-linux-x86_64, r-release-linux-x86_64, r-release-macos-arm64, r-release-macos-x86_64, r-release-windows-x86_64