CRAN Package Check Results for Package ssrm.logmer

Last updated on 2024-03-04 04:51:44 CET.

Flavor Version Tinstall Tcheck Ttotal Status Flags
r-devel-linux-x86_64-debian-clang 0.1 1.49 23.23 24.72 NOTE
r-devel-linux-x86_64-debian-gcc 0.1 1.96 17.82 19.78 NOTE
r-devel-linux-x86_64-fedora-clang 0.1 31.66 NOTE
r-devel-linux-x86_64-fedora-gcc 0.1 30.72 NOTE
r-devel-windows-x86_64 0.1 4.00 44.00 48.00 NOTE
r-patched-linux-x86_64 0.1 2.03 22.40 24.43 NOTE
r-release-linux-x86_64 0.1 2.23 22.67 24.90 NOTE
r-release-macos-arm64 0.1 15.00 NOTE
r-release-macos-x86_64 0.1 21.00 NOTE
r-release-windows-x86_64 0.1 3.00 44.00 47.00 NOTE
r-oldrel-macos-arm64 0.1 18.00 NOTE
r-oldrel-windows-x86_64 0.1 3.00 49.00 52.00 NOTE

Check Details

Version: 0.1
Check: LazyData
Result: NOTE 'LazyData' is specified without a 'data' directory Flavors: r-devel-linux-x86_64-debian-clang, r-devel-linux-x86_64-debian-gcc, r-devel-linux-x86_64-fedora-clang, r-devel-linux-x86_64-fedora-gcc, r-devel-windows-x86_64, r-patched-linux-x86_64, r-release-linux-x86_64, r-release-macos-arm64, r-release-macos-x86_64, r-release-windows-x86_64, r-oldrel-macos-arm64, r-oldrel-windows-x86_64