CRAN Package Check Results for Package ss3sim

Last updated on 2024-02-25 04:51:19 CET.

Flavor Version Tinstall Tcheck Ttotal Status Flags
r-devel-linux-x86_64-debian-clang 1.0.3 20.63 186.53 207.16 OK
r-devel-linux-x86_64-debian-gcc 1.0.3 16.42 134.20 150.62 OK
r-devel-linux-x86_64-fedora-clang 1.0.3 245.76 NOTE
r-devel-linux-x86_64-fedora-gcc 1.0.3 246.97 OK
r-devel-windows-x86_64 1.0.3 17.00 157.00 174.00 OK
r-patched-linux-x86_64 1.0.3 17.50 175.25 192.75 OK
r-release-linux-x86_64 1.0.3 13.27 172.59 185.86 OK
r-release-macos-arm64 1.0.3 85.00 OK
r-release-macos-x86_64 1.0.3 126.00 OK
r-release-windows-x86_64 1.0.3 25.00 198.00 223.00 OK
r-oldrel-macos-arm64 1.0.3 77.00 OK
r-oldrel-windows-x86_64 1.0.3 24.00 183.00 207.00 OK

Check Details

Version: 1.0.3
Check: Rd cross-references
Result: NOTE Undeclared package ‘plyr’ in Rd xrefs Flavor: r-devel-linux-x86_64-fedora-clang