Last updated on 2023-11-28 04:57:34 CET.
Flavor | Version | Tinstall | Tcheck | Ttotal | Status | Flags |
---|---|---|---|---|---|---|
r-devel-linux-x86_64-debian-clang | 0.4-11 | 6.86 | 52.24 | 59.10 | NOTE | |
r-devel-linux-x86_64-debian-gcc | 0.4-11 | 5.37 | 39.93 | 45.30 | NOTE | |
r-devel-linux-x86_64-fedora-clang | 0.4-11 | 71.45 | OK | |||
r-devel-linux-x86_64-fedora-gcc | 0.4-11 | 68.83 | OK | |||
r-devel-windows-x86_64 | 0.4-11 | 6.00 | 59.00 | 65.00 | OK | |
r-patched-linux-x86_64 | 0.4-11 | 6.01 | 49.74 | 55.75 | OK | |
r-release-linux-x86_64 | 0.4-11 | 6.02 | 50.65 | 56.67 | OK | |
r-release-macos-arm64 | 0.4-11 | 25.00 | OK | |||
r-release-macos-x86_64 | 0.4-11 | 46.00 | OK | |||
r-release-windows-x86_64 | 0.4-11 | 8.00 | 64.00 | 72.00 | OK | |
r-oldrel-macos-arm64 | 0.4-11 | 25.00 | OK | |||
r-oldrel-macos-x86_64 | 0.4-11 | 60.00 | OK | |||
r-oldrel-windows-x86_64 | 0.4-11 | 8.00 | 66.00 | 74.00 | OK |
Version: 0.4-11
Check: Rd files
Result: NOTE
checkRd: (-1) sqldf.Rd:248: Lost braces
248 | and code{port} arguments of sqldf.
| ^
Flavors: r-devel-linux-x86_64-debian-clang, r-devel-linux-x86_64-debian-gcc