CRAN Package Check Results for Package spsUtil

Last updated on 2023-12-07 04:56:38 CET.

Flavor Version Tinstall Tcheck Ttotal Status Flags
r-devel-linux-x86_64-debian-clang 0.2.2 5.96 31.60 37.56 NOTE
r-devel-linux-x86_64-debian-gcc 0.2.2 4.42 25.32 29.74 NOTE
r-devel-linux-x86_64-fedora-clang 0.2.2 47.85 NOTE
r-devel-linux-x86_64-fedora-gcc 0.2.2 45.52 OK
r-devel-windows-x86_64 0.2.2 6.00 53.00 59.00 OK
r-patched-linux-x86_64 0.2.2 5.37 31.25 36.62 OK
r-release-linux-x86_64 0.2.2 5.92 31.10 37.02 OK
r-release-macos-arm64 0.2.2 21.00 OK
r-release-macos-x86_64 0.2.2 27.00 OK
r-release-windows-x86_64 0.2.2 8.00 53.00 61.00 OK
r-oldrel-macos-arm64 0.2.2 18.00 OK
r-oldrel-macos-x86_64 0.2.2 27.00 OK
r-oldrel-windows-x86_64 0.2.2 7.00 57.00 64.00 OK

Check Details

Version: 0.2.2
Check: Rd files
Result: NOTE checkRd: (-1) spsOption.Rd:29: Lost braces; missing escapes or markup? 29 | Some functions in {spsUtil}, {spsComps} and {systempPipeShiny} will behave | ^ checkRd: (-1) spsOption.Rd:29: Lost braces; missing escapes or markup? 29 | Some functions in {spsUtil}, {spsComps} and {systempPipeShiny} will behave | ^ checkRd: (-1) spsOption.Rd:29: Lost braces; missing escapes or markup? 29 | Some functions in {spsUtil}, {spsComps} and {systempPipeShiny} will behave | ^ Flavors: r-devel-linux-x86_64-debian-clang, r-devel-linux-x86_64-debian-gcc

Version: 0.2.2
Check: Rd cross-references
Result: NOTE Undeclared package ‘shiny’ in Rd xrefs Flavor: r-devel-linux-x86_64-fedora-clang