Last updated on 2023-12-02 04:52:30 CET.
Flavor | Version | Tinstall | Tcheck | Ttotal | Status | Flags |
---|---|---|---|---|---|---|
r-devel-linux-x86_64-debian-clang | 2.2.4 | 10.76 | 75.81 | 86.57 | NOTE | |
r-devel-linux-x86_64-debian-gcc | 2.2.4 | 7.64 | 56.08 | 63.72 | NOTE | |
r-devel-linux-x86_64-fedora-clang | 2.2.4 | 105.74 | OK | |||
r-devel-linux-x86_64-fedora-gcc | 2.2.4 | 98.05 | OK | |||
r-devel-windows-x86_64 | 2.2.4 | 9.00 | 90.00 | 99.00 | OK | |
r-patched-linux-x86_64 | 2.2.4 | 7.70 | 71.15 | 78.85 | OK | |
r-release-linux-x86_64 | 2.2.4 | 5.51 | 70.32 | 75.83 | OK | |
r-release-macos-arm64 | 2.2.4 | 32.00 | OK | |||
r-release-macos-x86_64 | 2.2.4 | 52.00 | OK | |||
r-release-windows-x86_64 | 2.2.4 | 13.00 | 93.00 | 106.00 | OK | |
r-oldrel-macos-arm64 | 2.2.4 | 34.00 | OK | |||
r-oldrel-macos-x86_64 | 2.2.4 | 45.00 | OK | |||
r-oldrel-windows-x86_64 | 2.2.4 | 12.00 | 85.00 | 97.00 | OK |
Version: 2.2.4
Check: Rd files
Result: NOTE
checkRd: (-1) get_my_currently_playing.Rd:15: Lost braces
15 | href{https://developer.spotify.com/documentation/general/guides/track-relinking-guide/}{Track Relinking}}
| ^
checkRd: (-1) get_my_currently_playing.Rd:15: Lost braces
15 | href{https://developer.spotify.com/documentation/general/guides/track-relinking-guide/}{Track Relinking}}
| ^
Flavors: r-devel-linux-x86_64-debian-clang, r-devel-linux-x86_64-debian-gcc