CRAN Package Check Results for Package spork

Last updated on 2024-02-26 04:49:41 CET.

Flavor Version Tinstall Tcheck Ttotal Status Flags
r-devel-linux-x86_64-debian-clang 0.3.2 7.83 89.75 97.58 OK
r-devel-linux-x86_64-debian-gcc 0.3.2 6.50 67.91 74.41 OK
r-devel-linux-x86_64-fedora-clang 0.3.2 121.43 OK
r-devel-linux-x86_64-fedora-gcc 0.3.2 116.65 OK
r-devel-windows-x86_64 0.3.2 9.00 95.00 104.00 OK
r-patched-linux-x86_64 0.3.2 7.10 86.79 93.89 OK
r-release-linux-x86_64 0.3.2 4.79 87.42 92.21 OK
r-release-macos-arm64 0.3.2 40.00 OK
r-release-macos-x86_64 0.3.2 79.00 OK
r-release-windows-x86_64 0.3.2 12.00 118.00 130.00 OK
r-oldrel-macos-arm64 0.3.2 44.00 ERROR
r-oldrel-windows-x86_64 0.3.2 11.00 107.00 118.00 ERROR

Check Details

Version: 0.3.2
Check: tests
Result: ERROR Running ‘testthat.R’ [5s/7s] Running the tests in ‘tests/testthat.R’ failed. Last 13 lines of output: 1. ├─... %>% as_preview() at test-spork.R:297:1 2. ├─spork::as_preview(.) 3. └─spork:::as_preview.plotmath(.) 4. ├─latexpdf::as.png(...) 5. └─spork:::as.png.plotmath(...) 6. ├─ggplot2::ggplot(x, ...) 7. └─spork:::ggplot.plotmath(x, ...) 8. ├─ggplot2::ggplot(data.frame(x = 1, y = 1, label = (x))) 9. └─base::data.frame(x = 1, y = 1, label = (x)) 10. ├─base::as.data.frame(x[[i]], optional = TRUE, stringsAsFactors = stringsAsFactors) 11. └─base::as.data.frame.default(x[[i]], optional = TRUE, stringsAsFactors = stringsAsFactors) [ FAIL 1 | WARN 0 | SKIP 7 | PASS 101 ] Error: Test failures Execution halted Flavor: r-oldrel-macos-arm64

Version: 0.3.2
Check: tests
Result: ERROR Running 'testthat.R' [16s] Running the tests in 'tests/testthat.R' failed. Complete output: > library(testthat) > library(spork) > > test_check("spork") [ FAIL 1 | WARN 0 | SKIP 7 | PASS 101 ] ══ Skipped tests (7) ═══════════════════════════════════════════════════════════ • On CRAN (7): 'test-spork.R:451:3', 'test-spork.R:469:3', 'test-spork.R:490:3', 'test-spork.R:540:3', 'test-spork.R:567:3', 'test-spork.R:615:3', 'test-spork.R:623:3' ══ Failed tests ════════════════════════════════════════════════════════════════ ── Error ('test-spork.R:297:1'): spork to plotmath is stable ─────────────────── Error in `as.data.frame.default(x[[i]], optional = TRUE, stringsAsFactors = stringsAsFactors)`: cannot coerce class '"plotmath"' to a data.frame Backtrace: ▆ 1. ├─... %>% as_preview() at test-spork.R:297:1 2. ├─spork::as_preview(.) 3. └─spork:::as_preview.plotmath(.) 4. ├─latexpdf::as.png(...) 5. └─spork:::as.png.plotmath(...) 6. ├─ggplot2::ggplot(x, ...) 7. └─spork:::ggplot.plotmath(x, ...) 8. ├─ggplot2::ggplot(data.frame(x = 1, y = 1, label = (x))) 9. └─base::data.frame(x = 1, y = 1, label = (x)) 10. ├─base::as.data.frame(x[[i]], optional = TRUE, stringsAsFactors = stringsAsFactors) 11. └─base::as.data.frame.default(x[[i]], optional = TRUE, stringsAsFactors = stringsAsFactors) [ FAIL 1 | WARN 0 | SKIP 7 | PASS 101 ] Error: Test failures Execution halted Flavor: r-oldrel-windows-x86_64