CRAN Package Check Results for Package splutil

Last updated on 2024-06-14 05:58:40 CEST.

Flavor Version Tinstall Tcheck Ttotal Status Flags
r-devel-linux-x86_64-debian-clang 2022.6.20 3.95 55.36 59.31 OK
r-devel-linux-x86_64-debian-gcc 2022.6.20 0.35 1.86 2.21 ERROR
r-devel-linux-x86_64-fedora-clang 2022.6.20 77.51 OK
r-devel-linux-x86_64-fedora-gcc 2022.6.20 85.12 OK
r-devel-windows-x86_64 2022.6.20 7.00 62.00 69.00 OK
r-patched-linux-x86_64 2022.6.20 5.57 52.99 58.56 OK
r-release-linux-x86_64 2022.6.20 4.07 53.34 57.41 OK
r-release-macos-arm64 2022.6.20 32.00 OK
r-release-macos-x86_64 2022.6.20 50.00 OK
r-release-windows-x86_64 2022.6.20 7.00 64.00 71.00 OK
r-oldrel-macos-arm64 2022.6.20 36.00 OK
r-oldrel-macos-x86_64 2022.6.20 50.00 OK
r-oldrel-windows-x86_64 2022.6.20 8.00 68.00 76.00 OK

Check Details

Version: 2022.6.20
Check: package dependencies
Result: ERROR Package required but not available: ‘ggplot2’ Package suggested but not available for checking: ‘testthat’ See section ‘The DESCRIPTION file’ in the ‘Writing R Extensions’ manual. Flavor: r-devel-linux-x86_64-debian-gcc