Last updated on 2023-12-10 04:56:14 CET.
Flavor | Version | Tinstall | Tcheck | Ttotal | Status | Flags |
---|---|---|---|---|---|---|
r-devel-linux-x86_64-debian-clang | 0.8.2 | 33.74 | 184.35 | 218.09 | NOTE | |
r-devel-linux-x86_64-debian-gcc | 0.8.2 | 24.01 | 137.25 | 161.26 | NOTE | |
r-devel-linux-x86_64-fedora-clang | 0.8.2 | 293.92 | OK | |||
r-devel-linux-x86_64-fedora-gcc | 0.8.2 | 275.86 | OK | |||
r-devel-windows-x86_64 | 0.8.2 | 29.00 | 161.00 | 190.00 | OK | |
r-patched-linux-x86_64 | 0.8.2 | 29.28 | 178.46 | 207.74 | OK | |
r-release-linux-x86_64 | 0.8.2 | 21.25 | 175.48 | 196.73 | OK | |
r-release-macos-arm64 | 0.8.2 | 83.00 | OK | |||
r-release-macos-x86_64 | 0.8.2 | 142.00 | OK | |||
r-release-windows-x86_64 | 0.8.2 | 37.00 | 203.00 | 240.00 | OK | |
r-oldrel-macos-arm64 | 0.8.2 | 80.00 | OK | |||
r-oldrel-macos-x86_64 | 0.8.2 | 120.00 | OK | |||
r-oldrel-windows-x86_64 | 0.8.2 | 34.00 | 202.00 | 236.00 | OK |
Version: 0.8.2
Check: Rd files
Result: NOTE
checkRd: (-1) speedtestdata.Rd:18: Lost braces in \itemize; meant \describe ?
checkRd: (-1) speedtestdata.Rd:19: Lost braces in \itemize; meant \describe ?
checkRd: (-1) speedtestdata.Rd:20: Lost braces in \itemize; meant \describe ?
checkRd: (-1) speedtestdata.Rd:21: Lost braces in \itemize; meant \describe ?
checkRd: (-1) speedtestdata.Rd:22: Lost braces in \itemize; meant \describe ?
checkRd: (-1) speedtestdata.Rd:23: Lost braces in \itemize; meant \describe ?
Flavors: r-devel-linux-x86_64-debian-clang, r-devel-linux-x86_64-debian-gcc