Last updated on 2023-12-06 04:56:07 CET.
Flavor | Version | Tinstall | Tcheck | Ttotal | Status | Flags |
---|---|---|---|---|---|---|
r-devel-linux-x86_64-debian-clang | 0.1.0 | 132.42 | 47.90 | 180.32 | NOTE | |
r-devel-linux-x86_64-debian-gcc | 0.1.0 | 93.23 | 35.04 | 128.27 | NOTE | |
r-devel-linux-x86_64-fedora-clang | 0.1.0 | 265.61 | NOTE | |||
r-devel-linux-x86_64-fedora-gcc | 0.1.0 | 264.64 | NOTE | |||
r-devel-windows-x86_64 | 0.1.0 | 99.00 | 78.00 | 177.00 | NOTE | |
r-patched-linux-x86_64 | 0.1.0 | 106.81 | 45.72 | 152.53 | NOTE | |
r-release-linux-x86_64 | 0.1.0 | 111.15 | 45.43 | 156.58 | NOTE | |
r-release-macos-arm64 | 0.1.0 | 68.00 | NOTE | |||
r-release-macos-x86_64 | 0.1.0 | 108.00 | NOTE | |||
r-release-windows-x86_64 | 0.1.0 | 124.00 | 90.00 | 214.00 | NOTE | |
r-oldrel-macos-arm64 | 0.1.0 | 61.00 | NOTE | |||
r-oldrel-macos-x86_64 | 0.1.0 | 75.00 | NOTE | |||
r-oldrel-windows-x86_64 | 0.1.0 | 118.00 | 86.00 | 204.00 | OK |
Version: 0.1.0
Check: C++ specification
Result: NOTE
Specified C++11: please drop specification unless essential
Flavors: r-devel-linux-x86_64-debian-clang, r-devel-linux-x86_64-debian-gcc, r-devel-linux-x86_64-fedora-clang, r-devel-linux-x86_64-fedora-gcc, r-devel-windows-x86_64, r-patched-linux-x86_64, r-release-linux-x86_64, r-release-macos-arm64, r-release-macos-x86_64, r-release-windows-x86_64
Version: 0.1.0
Check: Rd files
Result: NOTE
checkRd: (-1) BVCfit.Rd:71: Lost braces in \itemize; meant \describe ?
checkRd: (-1) BVCfit.Rd:72: Lost braces in \itemize; meant \describe ?
checkRd: (-1) BVCfit.Rd:73: Lost braces in \itemize; meant \describe ?
checkRd: (-1) BVCfit.Rd:74: Lost braces in \itemize; meant \describe ?
checkRd: (-1) BVCfit.Rd:75: Lost braces in \itemize; meant \describe ?
checkRd: (-1) BVCfit.Rd:76: Lost braces in \itemize; meant \describe ?
Flavors: r-devel-linux-x86_64-debian-clang, r-devel-linux-x86_64-debian-gcc
Version: 0.1.0
Check: dependencies in R code
Result: NOTE
Namespace in Imports field not imported from: ‘MASS’
All declared Imports should be used.
Flavors: r-devel-linux-x86_64-fedora-clang, r-devel-linux-x86_64-fedora-gcc, r-oldrel-macos-arm64, r-oldrel-macos-x86_64
Version: 0.1.0
Check: installed package size
Result: NOTE
installed size is 6.5Mb
sub-directories of 1Mb or more:
libs 5.9Mb
Flavors: r-release-macos-arm64, r-release-macos-x86_64, r-oldrel-macos-arm64, r-oldrel-macos-x86_64