CRAN Package Check Results for Package spfa

Last updated on 2024-03-04 04:51:44 CET.

Flavor Version Tinstall Tcheck Ttotal Status Flags
r-devel-linux-x86_64-debian-clang 1.0 143.62 32.51 176.13 OK
r-devel-linux-x86_64-debian-gcc 1.0 120.59 24.82 145.41 OK
r-devel-linux-x86_64-fedora-clang 1.0 288.26 OK
r-devel-linux-x86_64-fedora-gcc 1.0 289.20 OK
r-devel-windows-x86_64 1.0 118.00 75.00 193.00 OK
r-patched-linux-x86_64 1.0 144.13 31.97 176.10 OK
r-release-linux-x86_64 1.0 142.00 31.64 173.64 OK
r-release-macos-arm64 1.0 63.00 NOTE
r-release-macos-x86_64 1.0 71.00 NOTE
r-release-windows-x86_64 1.0 119.00 78.00 197.00 OK
r-oldrel-macos-arm64 1.0 65.00 NOTE
r-oldrel-windows-x86_64 1.0 141.00 78.00 219.00 OK

Check Details

Version: 1.0
Check: installed package size
Result: NOTE installed size is 7.4Mb sub-directories of 1Mb or more: libs 7.1Mb Flavors: r-release-macos-arm64, r-release-macos-x86_64, r-oldrel-macos-arm64