CRAN Package Check Results for Package speechbr

Last updated on 2023-11-29 04:57:37 CET.

Flavor Version Tinstall Tcheck Ttotal Status Flags
r-devel-linux-x86_64-debian-clang 2.0.0 3.28 30.26 33.54 OK
r-devel-linux-x86_64-debian-gcc 2.0.0 2.71 23.82 26.53 OK
r-devel-linux-x86_64-fedora-clang 2.0.0 42.38 NOTE
r-devel-linux-x86_64-fedora-gcc 2.0.0 40.00 NOTE
r-devel-windows-x86_64 2.0.0 4.00 52.00 56.00 OK
r-patched-linux-x86_64 2.0.0 2.16 30.11 32.27 OK
r-release-linux-x86_64 2.0.0 2.01 30.43 32.44 OK
r-release-macos-arm64 2.0.0 23.00 OK
r-release-macos-x86_64 2.0.0 34.00 OK
r-release-windows-x86_64 2.0.0 5.00 51.00 56.00 OK
r-oldrel-macos-arm64 2.0.0 17.00 NOTE
r-oldrel-macos-x86_64 2.0.0 31.00 NOTE
r-oldrel-windows-x86_64 2.0.0 6.00 55.00 61.00 OK

Check Details

Version: 2.0.0
Check: dependencies in R code
Result: NOTE Namespaces in Imports field not imported from: ‘glue’ ‘httptest’ All declared Imports should be used. Flavors: r-devel-linux-x86_64-fedora-clang, r-devel-linux-x86_64-fedora-gcc, r-oldrel-macos-arm64, r-oldrel-macos-x86_64