CRAN Package Check Results for Package spbabel

Last updated on 2024-07-15 05:49:15 CEST.

Flavor Version Tinstall Tcheck Ttotal Status Flags
r-devel-linux-x86_64-debian-clang 0.6.0 8.28 102.31 110.59 OK
r-devel-linux-x86_64-debian-gcc 0.6.0 5.60 74.43 80.03 OK
r-devel-linux-x86_64-fedora-clang 0.6.0 131.77 NOTE
r-devel-linux-x86_64-fedora-gcc 0.6.0 137.22 OK
r-devel-windows-x86_64 0.6.0 9.00 87.00 96.00 OK
r-patched-linux-x86_64 0.6.0 7.69 97.54 105.23 OK
r-release-linux-x86_64 0.6.0 8.02 96.47 104.49 OK
r-release-macos-arm64 0.6.0 37.00 OK
r-release-macos-x86_64 0.6.0 59.00 OK
r-release-windows-x86_64 0.6.0 9.00 86.00 95.00 OK
r-oldrel-macos-arm64 0.6.0 40.00 OK
r-oldrel-macos-x86_64 0.6.0 64.00 OK
r-oldrel-windows-x86_64 0.6.0 11.00 104.00 115.00 OK

Check Details

Version: 0.6.0
Check: Rd cross-references
Result: NOTE Undeclared package ‘vctrs’ in Rd xrefs Flavor: r-devel-linux-x86_64-fedora-clang