Last updated on 2023-12-07 04:56:38 CET.
Flavor | Version | Tinstall | Tcheck | Ttotal | Status | Flags |
---|---|---|---|---|---|---|
r-devel-linux-x86_64-debian-clang | 0.0.8 | 3.27 | 58.99 | 62.26 | NOTE | |
r-devel-linux-x86_64-debian-gcc | 0.0.8 | 3.73 | 45.01 | 48.74 | NOTE | |
r-devel-linux-x86_64-fedora-clang | 0.0.8 | 80.23 | NOTE | |||
r-devel-linux-x86_64-fedora-gcc | 0.0.8 | 75.86 | NOTE | |||
r-devel-windows-x86_64 | 0.0.8 | 5.00 | 68.00 | 73.00 | NOTE | |
r-patched-linux-x86_64 | 0.0.8 | 4.90 | 57.81 | 62.71 | NOTE | |
r-release-linux-x86_64 | 0.0.8 | 3.18 | 57.29 | 60.47 | NOTE | |
r-release-macos-arm64 | 0.0.8 | 30.00 | NOTE | |||
r-release-macos-x86_64 | 0.0.8 | 42.00 | NOTE | |||
r-release-windows-x86_64 | 0.0.8 | 7.00 | 78.00 | 85.00 | NOTE | |
r-oldrel-macos-arm64 | 0.0.8 | 28.00 | OK | |||
r-oldrel-macos-x86_64 | 0.0.8 | 40.00 | NOTE | |||
r-oldrel-windows-x86_64 | 0.0.8 | 7.00 | 79.00 | 86.00 | NOTE |
Version: 0.0.8
Check: Rd cross-references
Result: NOTE
Unknown package ‘sparsebn’ in Rd xrefs
Flavors: r-devel-linux-x86_64-debian-clang, r-devel-linux-x86_64-debian-gcc, r-devel-linux-x86_64-fedora-gcc, r-devel-windows-x86_64, r-patched-linux-x86_64, r-release-linux-x86_64, r-release-macos-arm64, r-release-macos-x86_64, r-release-windows-x86_64, r-oldrel-macos-x86_64, r-oldrel-windows-x86_64
Version: 0.0.8
Check: Rd cross-references
Result: NOTE
Undeclared package ‘sparsebn’ in Rd xrefs
Unknown package ‘sparsebn’ in Rd xrefs
Flavor: r-devel-linux-x86_64-fedora-clang