Last updated on 2023-12-02 04:52:30 CET.
Flavor | Version | Tinstall | Tcheck | Ttotal | Status | Flags |
---|---|---|---|---|---|---|
r-devel-linux-x86_64-debian-clang | 2.3-10 | 17.73 | 136.54 | 154.27 | OK | |
r-devel-linux-x86_64-debian-gcc | 2.3-10 | 14.22 | 102.92 | 117.14 | OK | |
r-devel-linux-x86_64-fedora-clang | 2.3-10 | 204.77 | NOTE | |||
r-devel-linux-x86_64-fedora-gcc | 2.3-10 | 205.16 | OK | |||
r-devel-windows-x86_64 | 2.3-10 | 15.00 | 119.00 | 134.00 | OK | |
r-patched-linux-x86_64 | 2.3-10 | 19.76 | 134.11 | 153.87 | OK | |
r-release-linux-x86_64 | 2.3-10 | 12.03 | 133.37 | 145.40 | OK | |
r-release-macos-arm64 | 2.3-10 | 59.00 | OK | |||
r-release-macos-x86_64 | 2.3-10 | 108.00 | NOTE | |||
r-release-windows-x86_64 | 2.3-10 | 19.00 | 143.00 | 162.00 | OK | |
r-oldrel-macos-arm64 | 2.3-10 | 55.00 | OK | |||
r-oldrel-macos-x86_64 | 2.3-10 | 107.00 | OK | |||
r-oldrel-windows-x86_64 | 2.3-10 | 19.00 | 142.00 | 161.00 | OK |
Version: 2.3-10
Check: Rd cross-references
Result: NOTE
Undeclared packages ‘splancs’, ‘spatstat.data’ in Rd xrefs
Flavor: r-devel-linux-x86_64-fedora-clang
Version: 2.3-10
Check: package dependencies
Result: NOTE
Package suggested but not available for checking: ‘fftwtools’
Flavor: r-release-macos-x86_64