Last updated on 2023-12-04 05:09:22 CET.
Flavor | Version | Tinstall | Tcheck | Ttotal | Status | Flags |
---|---|---|---|---|---|---|
r-devel-linux-x86_64-debian-clang | 0.0.4 | 8.53 | 70.02 | 78.55 | NOTE | |
r-devel-linux-x86_64-debian-gcc | 0.0.4 | 5.95 | 49.90 | 55.85 | NOTE | |
r-devel-linux-x86_64-fedora-clang | 0.0.4 | 95.10 | OK | |||
r-devel-linux-x86_64-fedora-gcc | 0.0.4 | 86.75 | OK | |||
r-devel-windows-x86_64 | 0.0.4 | 8.00 | 67.00 | 75.00 | OK | |
r-patched-linux-x86_64 | 0.0.4 | 5.30 | 62.99 | 68.29 | OK | |
r-release-linux-x86_64 | 0.0.4 | 6.30 | 62.62 | 68.92 | OK | |
r-release-macos-arm64 | 0.0.4 | 29.00 | OK | |||
r-release-macos-x86_64 | 0.0.4 | 55.00 | OK | |||
r-release-windows-x86_64 | 0.0.4 | 10.00 | 74.00 | 84.00 | OK | |
r-oldrel-macos-arm64 | 0.0.4 | 25.00 | OK | |||
r-oldrel-macos-x86_64 | 0.0.4 | 40.00 | OK | |||
r-oldrel-windows-x86_64 | 0.0.4 | 11.00 | 81.00 | 92.00 | OK |
Version: 0.0.4
Check: Rd files
Result: NOTE
checkRd: (-1) sdf_unnest.Rd:20: Lost braces
20 | \code{a1, a2, a3}, then code{sdf_explode(df, a)} will produce output with each record replicated
| ^
Flavors: r-devel-linux-x86_64-debian-clang, r-devel-linux-x86_64-debian-gcc