Last updated on 2023-10-02 05:58:11 CEST.
Flavor | Version | Tinstall | Tcheck | Ttotal | Status | Flags |
---|---|---|---|---|---|---|
r-devel-linux-x86_64-debian-clang | 1.4-0 | 8.39 | 61.73 | 70.12 | NOTE | |
r-devel-linux-x86_64-debian-gcc | 1.4-0 | 5.65 | 46.68 | 52.33 | NOTE | |
r-devel-linux-x86_64-fedora-clang | 1.4-0 | 86.14 | NOTE | |||
r-devel-linux-x86_64-fedora-gcc | 1.4-0 | 95.33 | NOTE | |||
r-devel-windows-x86_64 | 1.4-0 | 6.00 | 76.00 | 82.00 | NOTE | |
r-patched-linux-x86_64 | 1.4-0 | 6.56 | 60.22 | 66.78 | OK | |
r-release-linux-x86_64 | 1.4-0 | 6.37 | 60.23 | 66.60 | OK | |
r-release-macos-arm64 | 1.4-0 | 32.00 | OK | |||
r-release-macos-x86_64 | 1.4-0 | 48.00 | OK | |||
r-release-windows-x86_64 | 1.4-0 | 12.00 | 79.00 | 91.00 | OK | |
r-oldrel-macos-arm64 | 1.4-0 | 27.00 | OK | |||
r-oldrel-macos-x86_64 | 1.4-0 | 36.00 | OK | |||
r-oldrel-windows-x86_64 | 1.4-0 | 19.00 | 84.00 | 103.00 | OK |
Version: 1.4-0
Check: package namespace information
Result: NOTE
Found export directive that requires package ‘methods’:
‘exportClasses’
Remove all such namespace directives (if obsolete) or ensure that the
DESCRIPTION Depends or Imports field contains ‘methods’.
Flavors: r-devel-linux-x86_64-debian-clang, r-devel-linux-x86_64-debian-gcc, r-devel-linux-x86_64-fedora-clang, r-devel-linux-x86_64-fedora-gcc, r-devel-windows-x86_64