CRAN Package Check Results for Package spTimer

Last updated on 2024-03-03 04:48:50 CET.

Flavor Version Tinstall Tcheck Ttotal Status Flags
r-devel-linux-x86_64-debian-clang 3.3.2 28.70 111.29 139.99 NOTE
r-devel-linux-x86_64-debian-gcc 3.3.2 21.77 78.34 100.11 NOTE
r-devel-linux-x86_64-fedora-clang 3.3.2 166.11 NOTE
r-devel-linux-x86_64-fedora-gcc 3.3.2 164.14 NOTE
r-devel-windows-x86_64 3.3.2 30.00 95.00 125.00 OK
r-patched-linux-x86_64 3.3.2 27.23 107.19 134.42 OK
r-release-linux-x86_64 3.3.2 26.47 104.74 131.21 OK
r-release-macos-arm64 3.3.2 49.00 OK
r-release-macos-x86_64 3.3.2 86.00 OK
r-release-windows-x86_64 3.3.2 37.00 114.00 151.00 OK
r-oldrel-macos-arm64 3.3.2 46.00 OK
r-oldrel-windows-x86_64 3.3.2 35.00 108.00 143.00 OK

Check Details

Version: 3.3.2
Check: Rd files
Result: NOTE checkRd: (-1) predict.spT.Rd:36: Lost braces 36 | \item{...}{Other values "obsData", "fittedData" and "residuals" are provided only for temporal prediction. This is to analyse the code{spTimer} forecast output using package \code{forecast} through function \code{\link{as.forecast.object}}.} | ^ Flavors: r-devel-linux-x86_64-debian-clang, r-devel-linux-x86_64-debian-gcc, r-devel-linux-x86_64-fedora-clang, r-devel-linux-x86_64-fedora-gcc