CRAN Package Check Results for Package sorvi

Last updated on 2023-11-29 04:57:37 CET.

Flavor Version Tinstall Tcheck Ttotal Status Flags
r-devel-linux-x86_64-debian-clang 0.8.21 10.09 105.32 115.41 NOTE
r-devel-linux-x86_64-debian-gcc 0.8.21 8.29 76.13 84.42 NOTE
r-devel-linux-x86_64-fedora-clang 0.8.21 136.82 NOTE
r-devel-linux-x86_64-fedora-gcc 0.8.21 150.43 NOTE
r-devel-windows-x86_64 0.8.21 10.00 88.00 98.00 OK
r-patched-linux-x86_64 0.8.21 10.17 96.68 106.85 OK
r-release-linux-x86_64 0.8.21 5.96 97.94 103.90 OK
r-release-macos-arm64 0.8.21 50.00 OK
r-release-macos-x86_64 0.8.21 111.00 OK
r-release-windows-x86_64 0.8.21 12.00 105.00 117.00 OK
r-oldrel-macos-arm64 0.8.21 47.00 OK
r-oldrel-macos-x86_64 0.8.21 63.00 OK
r-oldrel-windows-x86_64 0.8.21 13.00 109.00 122.00 OK

Check Details

Version: 0.8.21
Check: Rd files
Result: NOTE checkRd: (-1) load_sorvi_data.Rd:23: Lost braces in \itemize; meant \describe ? Flavors: r-devel-linux-x86_64-debian-clang, r-devel-linux-x86_64-debian-gcc

Version: 0.8.21
Check: data for non-ASCII characters
Result: NOTE Note: found 1245 marked UTF-8 strings Flavors: r-devel-linux-x86_64-fedora-clang, r-devel-linux-x86_64-fedora-gcc