CRAN Package Check Results for Package snpReady

Last updated on 2023-12-10 04:56:13 CET.

Flavor Version Tinstall Tcheck Ttotal Status Flags
r-devel-linux-x86_64-debian-clang 0.9.6 8.24 92.62 100.86 NOTE
r-devel-linux-x86_64-debian-gcc 0.9.6 6.66 70.69 77.35 NOTE
r-devel-linux-x86_64-fedora-clang 0.9.6 124.91 OK
r-devel-linux-x86_64-fedora-gcc 0.9.6 130.76 OK
r-devel-windows-x86_64 0.9.6 9.00 87.00 96.00 OK
r-patched-linux-x86_64 0.9.6 7.37 90.01 97.38 OK
r-release-linux-x86_64 0.9.6 6.24 90.77 97.01 OK
r-release-macos-arm64 0.9.6 46.00 OK
r-release-macos-x86_64 0.9.6 74.00 OK
r-release-windows-x86_64 0.9.6 11.00 99.00 110.00 OK
r-oldrel-macos-arm64 0.9.6 39.00 OK
r-oldrel-macos-x86_64 0.9.6 62.00 OK
r-oldrel-windows-x86_64 0.9.6 12.00 105.00 117.00 OK

Check Details

Version: 0.9.6
Check: Rd files
Result: NOTE checkRd: (-1) maize.line.Rd:9: Lost braces in \itemize; meant \describe ? checkRd: (-1) maize.line.Rd:10: Lost braces in \itemize; meant \describe ? checkRd: (-1) maize.line.Rd:11: Lost braces in \itemize; meant \describe ? checkRd: (-1) maize.line.Rd:12: Lost braces in \itemize; meant \describe ? checkRd: (-1) raw.data.Rd:26: Lost braces; missing escapes or markup? 26 | \item{call.rate}{\code{numeric}. Threshold for removing marker by missing genotype rate. SNP with \code{call rate} below threshold are removed from dataset. Must be between {0, 1}} | ^ checkRd: (-1) raw.data.Rd:28: Lost braces; missing escapes or markup? 28 | \item{maf}{Threshold for removing SNP by minor allele frequency. Must be between {0, 1}} | ^ Flavors: r-devel-linux-x86_64-debian-clang, r-devel-linux-x86_64-debian-gcc