CRAN Package Check Results for Package snowFT

Last updated on 2024-02-26 04:49:40 CET.

Flavor Version Tinstall Tcheck Ttotal Status Flags
r-devel-linux-x86_64-debian-clang 1.6-1 2.70 20.03 22.73 OK
r-devel-linux-x86_64-debian-gcc 1.6-1 2.10 18.28 20.38 OK
r-devel-linux-x86_64-fedora-clang 1.6-1 47.69 OK
r-devel-linux-x86_64-fedora-gcc 1.6-1 42.87 OK
r-devel-windows-x86_64 1.6-1 3.00 58.00 61.00 OK
r-patched-linux-x86_64 1.6-1 2.42 20.30 22.72 OK
r-release-linux-x86_64 1.6-1 2.81 20.05 22.86 OK
r-release-macos-arm64 1.6-1 25.00 NOTE
r-release-macos-x86_64 1.6-1 51.00 NOTE
r-release-windows-x86_64 1.6-1 5.00 60.00 65.00 OK
r-oldrel-macos-arm64 1.6-1 29.00 NOTE
r-oldrel-windows-x86_64 1.6-1 4.00 57.00 61.00 OK

Check Details

Version: 1.6-1
Check: package dependencies
Result: NOTE Package suggested but not available for checking: ‘Rmpi’ Flavors: r-release-macos-arm64, r-release-macos-x86_64, r-oldrel-macos-arm64