CRAN Package Check Results for Package snow

Last updated on 2024-07-13 05:49:27 CEST.

Flavor Version Tinstall Tcheck Ttotal Status Flags
r-devel-linux-x86_64-debian-clang 0.4-4 2.93 28.19 31.12 OK
r-devel-linux-x86_64-debian-gcc 0.4-4 1.85 21.79 23.64 OK
r-devel-linux-x86_64-fedora-clang 0.4-4 39.20 OK
r-devel-linux-x86_64-fedora-gcc 0.4-4 37.29 OK
r-devel-windows-x86_64 0.4-4 3.00 48.00 51.00 OK
r-patched-linux-x86_64 0.4-4 3.05 27.36 30.41 OK
r-release-linux-x86_64 0.4-4 2.70 26.97 29.67 OK
r-release-macos-arm64 0.4-4 16.00 NOTE
r-release-macos-x86_64 0.4-4 29.00 NOTE
r-release-windows-x86_64 0.4-4 4.00 47.00 51.00 OK
r-oldrel-macos-arm64 0.4-4 16.00 NOTE
r-oldrel-macos-x86_64 0.4-4 22.00 NOTE
r-oldrel-windows-x86_64 0.4-4 3.00 47.00 50.00 OK

Check Details

Version: 0.4-4
Check: package dependencies
Result: NOTE Package which this enhances but not available for checking: ‘Rmpi’ Flavors: r-release-macos-arm64, r-release-macos-x86_64, r-oldrel-macos-arm64, r-oldrel-macos-x86_64