Last updated on 2023-12-03 04:56:22 CET.
Flavor | Version | Tinstall | Tcheck | Ttotal | Status | Flags |
---|---|---|---|---|---|---|
r-devel-linux-x86_64-debian-clang | 2.1.0 | 68.59 | 77.97 | 146.56 | WARN | |
r-devel-linux-x86_64-debian-gcc | 2.1.0 | 47.97 | 57.78 | 105.75 | NOTE | |
r-devel-linux-x86_64-fedora-clang | 2.1.0 | 204.37 | WARN | |||
r-devel-linux-x86_64-fedora-gcc | 2.1.0 | 192.98 | NOTE | |||
r-devel-windows-x86_64 | 2.1.0 | 50.00 | 103.00 | 153.00 | NOTE | |
r-patched-linux-x86_64 | 2.1.0 | 43.34 | 72.56 | 115.90 | NOTE | |
r-release-linux-x86_64 | 2.1.0 | 40.15 | 73.22 | 113.37 | NOTE | |
r-release-macos-arm64 | 2.1.0 | 53.00 | NOTE | |||
r-release-macos-x86_64 | 2.1.0 | 88.00 | NOTE | |||
r-release-windows-x86_64 | 2.1.0 | 67.00 | 116.00 | 183.00 | NOTE | |
r-oldrel-macos-arm64 | 2.1.0 | 47.00 | NOTE | |||
r-oldrel-macos-x86_64 | 2.1.0 | 77.00 | NOTE | |||
r-oldrel-windows-x86_64 | 2.1.0 | 64.00 | 108.00 | 172.00 | NOTE |
Version: 2.1.0
Check: whether package can be installed
Result: WARN
Found the following significant warnings:
RcppExports.cpp:54:18: warning: format string is not a string literal (potentially insecure) [-Wformat-security]
See ‘/home/hornik/tmp/R.check/r-devel-clang/Work/PKGS/smog.Rcheck/00install.out’ for details.
* used C++ compiler: ‘Debian clang version 17.0.5 (1)’
Flavor: r-devel-linux-x86_64-debian-clang
Version: 2.1.0
Check: LazyData
Result: NOTE
'LazyData' is specified without a 'data' directory
Flavors: r-devel-linux-x86_64-debian-clang, r-devel-linux-x86_64-debian-gcc, r-devel-linux-x86_64-fedora-clang, r-devel-linux-x86_64-fedora-gcc, r-devel-windows-x86_64, r-patched-linux-x86_64, r-release-linux-x86_64, r-release-macos-arm64, r-release-macos-x86_64, r-release-windows-x86_64, r-oldrel-macos-arm64, r-oldrel-macos-x86_64, r-oldrel-windows-x86_64
Version: 2.1.0
Check: whether package can be installed
Result: WARN
Found the following significant warnings:
RcppExports.cpp:54:18: warning: format string is not a string literal (potentially insecure) [-Wformat-security]
See ‘/data/gannet/ripley/R/packages/tests-clang/smog.Rcheck/00install.out’ for details.
* used C++ compiler: ‘clang version 17.0.5’
Flavor: r-devel-linux-x86_64-fedora-clang
Version: 2.1.0
Check: dependencies in R code
Result: NOTE
Namespaces in Imports field not imported from:
‘Rdpack’ ‘rmarkdown’
All declared Imports should be used.
Flavors: r-devel-linux-x86_64-fedora-clang, r-devel-linux-x86_64-fedora-gcc, r-oldrel-macos-arm64, r-oldrel-macos-x86_64