CRAN Package Check Results for Package smam

Last updated on 2024-02-24 04:58:56 CET.

Flavor Version Tinstall Tcheck Ttotal Status Flags
r-devel-linux-x86_64-debian-clang 0.7.2 95.12 58.11 153.23 NOTE
r-devel-linux-x86_64-debian-gcc 0.7.2 74.91 44.53 119.44 NOTE
r-devel-linux-x86_64-fedora-clang 0.7.2 220.05 NOTE
r-devel-linux-x86_64-fedora-gcc 0.7.2 236.03 NOTE
r-devel-windows-x86_64 0.7.2 77.00 98.00 175.00 NOTE
r-patched-linux-x86_64 0.7.2 70.40 57.62 128.02 NOTE
r-release-linux-x86_64 0.7.2 69.48 57.29 126.77 NOTE
r-release-macos-arm64 0.7.2 60.00 NOTE
r-release-macos-x86_64 0.7.2 95.00 NOTE
r-release-windows-x86_64 0.7.2 98.00 107.00 205.00 NOTE
r-oldrel-macos-arm64 0.7.2 53.00 NOTE
r-oldrel-windows-x86_64 0.7.2 91.00 102.00 193.00 NOTE

Check Details

Version: 0.7.2
Check: for GNU extensions in Makefiles
Result: NOTE GNU make is a SystemRequirements. Flavors: r-devel-linux-x86_64-debian-clang, r-devel-linux-x86_64-debian-gcc, r-devel-linux-x86_64-fedora-clang, r-devel-linux-x86_64-fedora-gcc, r-devel-windows-x86_64, r-patched-linux-x86_64, r-release-linux-x86_64, r-release-macos-arm64, r-release-macos-x86_64, r-release-windows-x86_64, r-oldrel-macos-arm64, r-oldrel-windows-x86_64

Version: 0.7.2
Check: installed package size
Result: NOTE installed size is 5.8Mb sub-directories of 1Mb or more: libs 5.0Mb Flavors: r-release-macos-arm64, r-release-macos-x86_64, r-oldrel-macos-arm64