Last updated on 2023-12-09 04:51:07 CET.
Flavor | Version | Tinstall | Tcheck | Ttotal | Status | Flags |
---|---|---|---|---|---|---|
r-devel-linux-x86_64-debian-clang | 1.0.1 | 4.19 | 42.27 | 46.46 | NOTE | |
r-devel-linux-x86_64-debian-gcc | 1.0.1 | 3.16 | 30.98 | 34.14 | NOTE | |
r-devel-linux-x86_64-fedora-clang | 1.0.1 | 56.76 | NOTE | |||
r-devel-linux-x86_64-fedora-gcc | 1.0.1 | 53.68 | NOTE | |||
r-devel-windows-x86_64 | 1.0.1 | 6.00 | 61.00 | 67.00 | NOTE | |
r-patched-linux-x86_64 | 1.0.1 | 3.61 | 39.88 | 43.49 | OK | |
r-release-linux-x86_64 | 1.0.1 | 3.08 | 38.90 | 41.98 | OK | |
r-release-macos-arm64 | 1.0.1 | 25.00 | OK | |||
r-release-macos-x86_64 | 1.0.1 | 30.00 | OK | |||
r-release-windows-x86_64 | 1.0.1 | 7.00 | 70.00 | 77.00 | OK | |
r-oldrel-macos-arm64 | 1.0.1 | 21.00 | OK | |||
r-oldrel-macos-x86_64 | 1.0.1 | 27.00 | OK | |||
r-oldrel-windows-x86_64 | 1.0.1 | 6.00 | 64.00 | 70.00 | OK |
Version: 1.0.1
Check: Rd contents
Result: NOTE
Auto-generated content requiring editing in Rd file 'smallstuff-package.Rd':
\references: ‘This optional section can contain literature or other refere...’
\seealso: ‘Optional links to other man pages’
\examples: ‘\dontrun{ ## Optional simple examples of the most impor...’
Flavors: r-devel-linux-x86_64-debian-clang, r-devel-linux-x86_64-debian-gcc, r-devel-linux-x86_64-fedora-clang, r-devel-linux-x86_64-fedora-gcc, r-devel-windows-x86_64