Last updated on 2023-12-07 04:56:38 CET.
Flavor | Version | Tinstall | Tcheck | Ttotal | Status | Flags |
---|---|---|---|---|---|---|
r-devel-linux-x86_64-debian-clang | 1.0.0 | 73.29 | 57.02 | 130.31 | NOTE | |
r-devel-linux-x86_64-debian-gcc | 1.0.0 | 47.44 | 44.72 | 92.16 | NOTE | |
r-devel-linux-x86_64-fedora-clang | 1.0.0 | 191.00 | NOTE | |||
r-devel-linux-x86_64-fedora-gcc | 1.0.0 | 183.83 | NOTE | |||
r-devel-windows-x86_64 | 1.0.0 | 61.00 | 82.00 | 143.00 | OK | |
r-patched-linux-x86_64 | 1.0.0 | 50.28 | 59.98 | 110.26 | NOTE | |
r-release-linux-x86_64 | 1.0.0 | 49.63 | 58.37 | 108.00 | NOTE | |
r-release-macos-arm64 | 1.0.0 | 50.00 | NOTE | |||
r-release-macos-x86_64 | 1.0.0 | 78.00 | NOTE | |||
r-release-windows-x86_64 | 1.0.0 | 82.00 | 94.00 | 176.00 | OK | |
r-oldrel-macos-arm64 | 1.0.0 | 47.00 | NOTE | |||
r-oldrel-macos-x86_64 | 1.0.0 | 77.00 | NOTE | |||
r-oldrel-windows-x86_64 | 1.0.0 | 78.00 | 94.00 | 172.00 | OK |
Version: 1.0.0
Check: C++ specification
Result: NOTE
Specified C++11: please drop specification unless essential
Flavors: r-devel-linux-x86_64-debian-clang, r-devel-linux-x86_64-debian-gcc, r-devel-linux-x86_64-fedora-clang, r-devel-linux-x86_64-fedora-gcc, r-patched-linux-x86_64, r-release-linux-x86_64, r-release-macos-arm64, r-release-macos-x86_64
Version: 1.0.0
Check: dependencies in R code
Result: NOTE
Namespace in Imports field not imported from: ‘RcppArmadillo’
All declared Imports should be used.
Flavors: r-devel-linux-x86_64-fedora-clang, r-devel-linux-x86_64-fedora-gcc, r-oldrel-macos-arm64, r-oldrel-macos-x86_64