Last updated on 2023-12-01 04:54:10 CET.
Flavor | Version | Tinstall | Tcheck | Ttotal | Status | Flags |
---|---|---|---|---|---|---|
r-devel-linux-x86_64-debian-clang | 3.3.1 | 5.91 | 62.68 | 68.59 | NOTE | |
r-devel-linux-x86_64-debian-gcc | 3.3.1 | 4.56 | 47.46 | 52.02 | NOTE | |
r-devel-linux-x86_64-fedora-clang | 3.3.1 | 86.10 | NOTE | |||
r-devel-linux-x86_64-fedora-gcc | 3.3.1 | 92.98 | NOTE | |||
r-devel-windows-x86_64 | 3.3.1 | 6.00 | 69.00 | 75.00 | OK | |
r-patched-linux-x86_64 | 3.3.1 | 5.56 | 60.83 | 66.39 | NOTE | |
r-release-linux-x86_64 | 3.3.1 | 3.68 | 60.31 | 63.99 | NOTE | |
r-release-macos-arm64 | 3.3.1 | 36.00 | OK | |||
r-release-macos-x86_64 | 3.3.1 | 56.00 | OK | |||
r-release-windows-x86_64 | 3.3.1 | 9.00 | 79.00 | 88.00 | OK | |
r-oldrel-macos-arm64 | 3.3.1 | 25.00 | OK | |||
r-oldrel-macos-x86_64 | 3.3.1 | 38.00 | OK | |||
r-oldrel-windows-x86_64 | 3.3.1 | 8.00 | 78.00 | 86.00 | OK |
Version: 3.3.1
Check: package dependencies
Result: NOTE
Package suggested but not available for checking: ‘texPreview’
Flavors: r-devel-linux-x86_64-debian-clang, r-devel-linux-x86_64-debian-gcc, r-devel-linux-x86_64-fedora-clang, r-devel-linux-x86_64-fedora-gcc, r-patched-linux-x86_64, r-release-linux-x86_64
Version: 3.3.1
Check: Rd cross-references
Result: NOTE
Unknown package ‘texPreview’ in Rd xrefs
Flavors: r-devel-linux-x86_64-debian-clang, r-devel-linux-x86_64-debian-gcc, r-devel-linux-x86_64-fedora-clang, r-devel-linux-x86_64-fedora-gcc, r-patched-linux-x86_64, r-release-linux-x86_64