Last updated on 2023-12-09 04:51:07 CET.
Flavor | Version | Tinstall | Tcheck | Ttotal | Status | Flags |
---|---|---|---|---|---|---|
r-devel-linux-x86_64-debian-clang | 1.0.0 | 15.69 | 307.55 | 323.24 | OK | |
r-devel-linux-x86_64-debian-gcc | 1.0.0 | 13.40 | 230.20 | 243.60 | OK | |
r-devel-linux-x86_64-fedora-clang | 1.0.0 | 400.21 | NOTE | |||
r-devel-linux-x86_64-fedora-gcc | 1.0.0 | 396.44 | NOTE | |||
r-devel-windows-x86_64 | 1.0.0 | 16.00 | 450.00 | 466.00 | OK | |
r-patched-linux-x86_64 | 1.0.0 | 19.33 | 306.67 | 326.00 | OK | |
r-release-linux-x86_64 | 1.0.0 | 12.14 | 299.85 | 311.99 | OK | |
r-release-macos-arm64 | 1.0.0 | 333.00 | OK | |||
r-release-macos-x86_64 | 1.0.0 | 420.00 | OK | |||
r-release-windows-x86_64 | 1.0.0 | 21.00 | 530.00 | 551.00 | OK | |
r-oldrel-macos-arm64 | 1.0.0 | 311.00 | NOTE | |||
r-oldrel-macos-x86_64 | 1.0.0 | 398.00 | NOTE | |||
r-oldrel-windows-x86_64 | 1.0.0 | 22.00 | 528.00 | 550.00 | OK |
Version: 1.0.0
Check: dependencies in R code
Result: NOTE
Namespaces in Imports field not imported from:
‘numDeriv’ ‘png’
All declared Imports should be used.
Flavors: r-devel-linux-x86_64-fedora-clang, r-devel-linux-x86_64-fedora-gcc, r-oldrel-macos-arm64, r-oldrel-macos-x86_64