Last updated on 2023-11-29 04:57:37 CET.
Flavor | Version | Tinstall | Tcheck | Ttotal | Status | Flags |
---|---|---|---|---|---|---|
r-devel-linux-x86_64-debian-clang | 0.48 | 15.95 | 134.87 | 150.82 | OK | |
r-devel-linux-x86_64-debian-gcc | 0.48 | 13.89 | 107.51 | 121.40 | OK | |
r-devel-linux-x86_64-fedora-clang | 0.48 | 197.99 | OK | |||
r-devel-linux-x86_64-fedora-gcc | 0.48 | 190.10 | OK | |||
r-devel-windows-x86_64 | 0.48 | 14.00 | 122.00 | 136.00 | OK | |
r-patched-linux-x86_64 | 0.48 | 17.83 | 138.76 | 156.59 | OK | |
r-release-linux-x86_64 | 0.48 | 15.91 | 134.73 | 150.64 | OK | |
r-release-macos-arm64 | 0.48 | 61.00 | OK | |||
r-release-macos-x86_64 | 0.48 | 100.00 | OK | |||
r-release-windows-x86_64 | 0.48 | 19.00 | 155.00 | 174.00 | OK | |
r-oldrel-macos-arm64 | 0.48 | 58.00 | NOTE | |||
r-oldrel-macos-x86_64 | 0.48 | 72.00 | OK | |||
r-oldrel-windows-x86_64 | 0.48 | 20.00 | 152.00 | 172.00 | OK |
Version: 0.48
Check: package dependencies
Result: NOTE
Packages suggested but not available for checking: 'graph', 'Rgraphviz'
Flavor: r-oldrel-macos-arm64
Version: 0.48
Check: Rd cross-references
Result: NOTE
Packages unavailable to check Rd xrefs: ‘Rgraphviz’, ‘graph’
Flavor: r-oldrel-macos-arm64