Last updated on 2023-12-03 04:56:21 CET.
Flavor | Version | Tinstall | Tcheck | Ttotal | Status | Flags |
---|---|---|---|---|---|---|
r-devel-linux-x86_64-debian-clang | 3.13-228 | 392.34 | 405.07 | 797.41 | NOTE | |
r-devel-linux-x86_64-debian-gcc | 3.13-228 | 254.24 | 298.62 | 552.86 | NOTE | |
r-devel-linux-x86_64-fedora-clang | 3.13-228 | 872.67 | NOTE | |||
r-devel-linux-x86_64-fedora-gcc | 3.13-228 | 858.74 | OK | |||
r-devel-windows-x86_64 | 3.13-228 | 280.00 | 346.00 | 626.00 | NOTE | |
r-patched-linux-x86_64 | 3.13-228 | 336.99 | 395.90 | 732.89 | OK | |
r-release-linux-x86_64 | 3.13-228 | 319.25 | 371.57 | 690.82 | OK | |
r-release-macos-arm64 | 3.13-228 | 199.00 | NOTE | |||
r-release-macos-x86_64 | 3.13-228 | 316.00 | NOTE | |||
r-release-windows-x86_64 | 3.13-228 | 375.00 | 442.00 | 817.00 | NOTE | |
r-oldrel-macos-arm64 | 3.13-228 | 169.00 | NOTE | |||
r-oldrel-macos-x86_64 | 3.13-228 | 283.00 | NOTE | |||
r-oldrel-windows-x86_64 | 3.13-228 | 334.00 | 421.00 | 755.00 | NOTE |
Version: 3.13-228
Check: Rd files
Result: NOTE
checkRd: (-1) noharm.sirt.Rd:263: Lost braces; missing escapes or markup?
263 | is available as freeware ({http://noharm.niagararesearch.ca/};
| ^
checkRd: (-1) person.parameter.rasch.copula.Rd:22: Lost braces
22 | Object which is generated by the code{rasch.copula2} function.
| ^
checkRd: (-1) rasch.jml.jackknife1.Rd:32: Lost braces; missing escapes or markup?
32 | \item \code{b.JML}: {Item difficulty from JML estimation}
| ^
checkRd: (-1) rasch.jml.jackknife1.Rd:33-34: Lost braces
33 | \item \code{b.JMLcorr}: {Item difficulty from JML estimation by
| ^
checkRd: (-1) rasch.jml.jackknife1.Rd:35: Lost braces; missing escapes or markup?
35 | \item \code{b.jack}: {Item difficulty from Jackknife estimation}
| ^
checkRd: (-1) rasch.jml.jackknife1.Rd:36-39: Lost braces
36 | \item \code{b.jackse}: {Standard error of Jackknife estimation
| ^
checkRd: (-1) rasch.jml.jackknife1.Rd:40-41: Lost braces
40 | \item \code{b.JMLse}: {Standard error for item difficulties
| ^
Flavors: r-devel-linux-x86_64-debian-clang, r-devel-linux-x86_64-debian-gcc
Version: 3.13-228
Check: installed package size
Result: NOTE
installed size is 5.2Mb
sub-directories of 1Mb or more:
R 2.2Mb
Flavors: r-devel-linux-x86_64-fedora-clang, r-devel-windows-x86_64, r-release-macos-arm64, r-release-macos-x86_64, r-release-windows-x86_64, r-oldrel-macos-arm64, r-oldrel-macos-x86_64, r-oldrel-windows-x86_64