Last updated on 2023-12-06 04:56:06 CET.
Flavor | Version | Tinstall | Tcheck | Ttotal | Status | Flags |
---|---|---|---|---|---|---|
r-devel-linux-x86_64-debian-clang | 0.1.1 | 58.74 | 150.81 | 209.55 | NOTE | |
r-devel-linux-x86_64-debian-gcc | 0.1.1 | 39.45 | 107.16 | 146.61 | NOTE | |
r-devel-linux-x86_64-fedora-clang | 0.1.1 | 280.12 | NOTE | |||
r-devel-linux-x86_64-fedora-gcc | 0.1.1 | 283.97 | NOTE | |||
r-devel-windows-x86_64 | 0.1.1 | 45.00 | 152.00 | 197.00 | NOTE | |
r-patched-linux-x86_64 | 0.1.1 | 40.54 | 140.06 | 180.60 | NOTE | |
r-release-linux-x86_64 | 0.1.1 | 41.67 | 137.09 | 178.76 | NOTE | |
r-release-macos-arm64 | 0.1.1 | 80.00 | NOTE | |||
r-release-macos-x86_64 | 0.1.1 | 134.00 | NOTE | |||
r-release-windows-x86_64 | 0.1.1 | 57.00 | 175.00 | 232.00 | NOTE | |
r-oldrel-macos-arm64 | 0.1.1 | 68.00 | NOTE | |||
r-oldrel-macos-x86_64 | 0.1.1 | 93.00 | NOTE | |||
r-oldrel-windows-x86_64 | 0.1.1 | 54.00 | 173.00 | 227.00 | OK |
Version: 0.1.1
Check: C++ specification
Result: NOTE
Specified C++11: please drop specification unless essential
Flavors: r-devel-linux-x86_64-debian-clang, r-devel-linux-x86_64-debian-gcc, r-devel-linux-x86_64-fedora-clang, r-devel-linux-x86_64-fedora-gcc, r-devel-windows-x86_64, r-patched-linux-x86_64, r-release-linux-x86_64, r-release-macos-arm64, r-release-macos-x86_64, r-release-windows-x86_64
Version: 0.1.1
Check: installed package size
Result: NOTE
installed size is 5.5Mb
sub-directories of 1Mb or more:
data 2.3Mb
libs 2.8Mb
Flavors: r-release-macos-arm64, r-release-macos-x86_64, r-oldrel-macos-arm64, r-oldrel-macos-x86_64