CRAN Package Check Results for Package simplegraphdb

Last updated on 2024-02-26 04:49:40 CET.

Flavor Version Tinstall Tcheck Ttotal Status Flags
r-devel-linux-x86_64-debian-clang 2021.03.10 3.68 43.64 47.32 NOTE
r-devel-linux-x86_64-debian-gcc 2021.03.10 3.64 34.28 37.92 NOTE
r-devel-linux-x86_64-fedora-clang 2021.03.10 60.37 NOTE
r-devel-linux-x86_64-fedora-gcc 2021.03.10 63.93 NOTE
r-devel-windows-x86_64 2021.03.10 5.00 55.00 60.00 NOTE
r-patched-linux-x86_64 2021.03.10 5.62 43.50 49.12 NOTE
r-release-linux-x86_64 2021.03.10 5.39 42.65 48.04 NOTE
r-release-macos-arm64 2021.03.10 28.00 NOTE
r-release-macos-x86_64 2021.03.10 33.00 NOTE
r-release-windows-x86_64 2021.03.10 6.00 59.00 65.00 NOTE
r-oldrel-macos-arm64 2021.03.10 23.00 NOTE
r-oldrel-windows-x86_64 2021.03.10 7.00 63.00 70.00 NOTE

Check Details

Version: 2021.03.10
Check: LazyData
Result: NOTE 'LazyData' is specified without a 'data' directory Flavors: r-devel-linux-x86_64-debian-clang, r-devel-linux-x86_64-debian-gcc, r-devel-linux-x86_64-fedora-clang, r-devel-linux-x86_64-fedora-gcc, r-devel-windows-x86_64, r-patched-linux-x86_64, r-release-linux-x86_64, r-release-macos-arm64, r-release-macos-x86_64, r-release-windows-x86_64, r-oldrel-macos-arm64, r-oldrel-windows-x86_64

Version: 2021.03.10
Check: dependencies in R code
Result: NOTE Namespace in Imports field not imported from: ‘DBI’ All declared Imports should be used. Flavors: r-devel-linux-x86_64-fedora-clang, r-devel-linux-x86_64-fedora-gcc, r-oldrel-macos-arm64