Last updated on 2023-12-04 05:09:21 CET.
Flavor | Version | Tinstall | Tcheck | Ttotal | Status | Flags |
---|---|---|---|---|---|---|
r-devel-linux-x86_64-debian-clang | 0.3.0 | 9.18 | 81.18 | 90.36 | NOTE | |
r-devel-linux-x86_64-debian-gcc | 0.3.0 | 6.59 | 60.39 | 66.98 | NOTE | |
r-devel-linux-x86_64-fedora-clang | 0.3.0 | 116.41 | NOTE | |||
r-devel-linux-x86_64-fedora-gcc | 0.3.0 | 120.67 | NOTE | |||
r-devel-windows-x86_64 | 0.3.0 | 9.00 | 84.00 | 93.00 | NOTE | |
r-patched-linux-x86_64 | 0.3.0 | 6.07 | 76.58 | 82.65 | OK | |
r-release-linux-x86_64 | 0.3.0 | 7.86 | 78.25 | 86.11 | OK | |
r-release-macos-arm64 | 0.3.0 | 39.00 | OK | |||
r-release-macos-x86_64 | 0.3.0 | 55.00 | OK | |||
r-release-windows-x86_64 | 0.3.0 | 12.00 | 92.00 | 104.00 | OK | |
r-oldrel-macos-arm64 | 0.3.0 | 42.00 | OK | |||
r-oldrel-macos-x86_64 | 0.3.0 | 46.00 | OK | |||
r-oldrel-windows-x86_64 | 0.3.0 | 12.00 | 92.00 | 104.00 | OK |
Version: 0.3.0
Check: Rd \usage sections
Result: NOTE
Documented arguments not in \usage in Rd file 'make_kernel_dist.Rd':
‘Umax’
Functions with \usage entries need to have the appropriate \alias
entries, and all their arguments documented.
The \usage entries must correspond to syntactically valid R code.
See chapter ‘Writing R documentation files’ in the ‘Writing R
Extensions’ manual.
Flavors: r-devel-linux-x86_64-debian-clang, r-devel-linux-x86_64-debian-gcc, r-devel-linux-x86_64-fedora-clang, r-devel-linux-x86_64-fedora-gcc, r-devel-windows-x86_64