CRAN Package Check Results for Package simhelpers

Last updated on 2024-06-14 05:58:39 CEST.

Flavor Version Tinstall Tcheck Ttotal Status Flags
r-devel-linux-x86_64-debian-clang 0.2.1 3.95 153.49 157.44 OK
r-devel-linux-x86_64-debian-gcc 0.2.1 0.37 1.75 2.12 ERROR
r-devel-linux-x86_64-fedora-clang 0.2.1 187.69 OK
r-devel-linux-x86_64-fedora-gcc 0.2.1 190.56 OK
r-devel-windows-x86_64 0.2.1 4.00 113.00 117.00 OK
r-patched-linux-x86_64 0.2.1 2.64 147.53 150.17 OK
r-release-linux-x86_64 0.2.1 2.18 144.18 146.36 OK
r-release-macos-arm64 0.2.1 57.00 OK
r-release-macos-x86_64 0.2.1 97.00 OK
r-release-windows-x86_64 0.2.1 6.00 115.00 121.00 OK
r-oldrel-macos-arm64 0.2.1 69.00 OK
r-oldrel-macos-x86_64 0.2.1 142.00 OK
r-oldrel-windows-x86_64 0.2.1 5.00 148.00 153.00 OK

Check Details

Version: 0.2.1
Check: package dependencies
Result: ERROR Packages required but not available: 'furrr', 'tidyr', 'tibble' Packages suggested but not available for checking: 'dplyr', 'purrr', 'pkgdown', 'testthat', 'kableExtra', 'ggplot2', 'broom' See section ‘The DESCRIPTION file’ in the ‘Writing R Extensions’ manual. Flavor: r-devel-linux-x86_64-debian-gcc