Last updated on 2023-12-07 04:56:37 CET.
Flavor | Version | Tinstall | Tcheck | Ttotal | Status | Flags |
---|---|---|---|---|---|---|
r-devel-linux-x86_64-debian-clang | 2.1.2 | 93.58 | 183.13 | 276.71 | WARN | |
r-devel-linux-x86_64-debian-gcc | 2.1.2 | 61.13 | 136.78 | 197.91 | WARN | |
r-devel-linux-x86_64-fedora-clang | 2.1.2 | 383.17 | WARN | |||
r-devel-linux-x86_64-fedora-gcc | 2.1.2 | 373.22 | WARN | |||
r-devel-windows-x86_64 | 2.1.2 | 74.00 | 180.00 | 254.00 | WARN | |
r-patched-linux-x86_64 | 2.1.2 | 79.99 | 172.50 | 252.49 | OK | |
r-release-linux-x86_64 | 2.1.2 | 68.04 | 172.80 | 240.84 | OK | |
r-release-macos-arm64 | 2.1.2 | 97.00 | NOTE | |||
r-release-macos-x86_64 | 2.1.2 | 161.00 | NOTE | |||
r-release-windows-x86_64 | 2.1.2 | 96.00 | 214.00 | 310.00 | OK | |
r-oldrel-macos-arm64 | 2.1.2 | 94.00 | NOTE | |||
r-oldrel-macos-x86_64 | 2.1.2 | 118.00 | NOTE | |||
r-oldrel-windows-x86_64 | 2.1.2 | 91.00 | 205.00 | 296.00 | OK |
Version: 2.1.2
Check: whether package can be installed
Result: WARN
Found the following significant warnings:
calibPop.cpp:198:143: warning: format specifies type 'double' but the argument has type 'int' [-Wformat]
See ‘/home/hornik/tmp/R.check/r-devel-clang/Work/PKGS/simPop.Rcheck/00install.out’ for details.
* used C compiler: ‘Debian clang version 17.0.5 (1)’
* used C++ compiler: ‘Debian clang version 17.0.5 (1)’
Flavor: r-devel-linux-x86_64-debian-clang
Version: 2.1.2
Check: Rd files
Result: NOTE
checkRd: (-1) utility.Rd:27: Lost braces in \itemize; meant \describe ?
checkRd: (-1) utility.Rd:28: Lost braces in \itemize; meant \describe ?
checkRd: (-1) utility.Rd:29: Lost braces in \itemize; meant \describe ?
checkRd: (-1) utility.Rd:30: Lost braces in \itemize; meant \describe ?
Flavors: r-devel-linux-x86_64-debian-clang, r-devel-linux-x86_64-debian-gcc
Version: 2.1.2
Check: whether package can be installed
Result: WARN
Found the following significant warnings:
calibPop.cpp:198:126: warning: format ‘%g’ expects argument of type ‘double’, but argument 4 has type ‘int’ [-Wformat=]
See ‘/home/hornik/tmp/R.check/r-devel-gcc/Work/PKGS/simPop.Rcheck/00install.out’ for details.
* used C compiler: ‘gcc-13 (Debian 13.2.0-7) 13.2.0’
* used C++ compiler: ‘g++-13 (Debian 13.2.0-7) 13.2.0’
Flavor: r-devel-linux-x86_64-debian-gcc
Version: 2.1.2
Check: whether package can be installed
Result: WARN
Found the following significant warnings:
calibPop.cpp:198:143: warning: format specifies type 'double' but the argument has type 'int' [-Wformat]
See ‘/data/gannet/ripley/R/packages/tests-clang/simPop.Rcheck/00install.out’ for details.
* used C compiler: ‘clang version 17.0.5’
* used C++ compiler: ‘clang version 17.0.5’
Flavor: r-devel-linux-x86_64-fedora-clang
Version: 2.1.2
Check: whether package can be installed
Result: WARN
Found the following significant warnings:
calibPop.cpp:198:126: warning: format '%g' expects argument of type 'double', but argument 4 has type 'int' [-Wformat=]
See ‘/data/gannet/ripley/R/packages/tests-devel/simPop.Rcheck/00install.out’ for details.
* used C compiler: ‘gcc-13 (GCC) 13.2.0’
* used C++ compiler: ‘g++-13 (GCC) 13.2.0’
Flavor: r-devel-linux-x86_64-fedora-gcc
Version: 2.1.2
Check: whether package can be installed
Result: WARN
Found the following significant warnings:
calibPop.cpp:198:126: warning: format '%g' expects argument of type 'double', but argument 4 has type 'int' [-Wformat=]
See 'd:/Rcompile/CRANpkg/local/4.4/simPop.Rcheck/00install.out' for details.
* used C compiler: 'gcc.exe (GCC) 12.3.0'
* used C++ compiler: 'g++.exe (GCC) 12.3.0'
Flavor: r-devel-windows-x86_64
Version: 2.1.2
Check: installed package size
Result: NOTE
installed size is 5.6Mb
sub-directories of 1Mb or more:
data 2.0Mb
libs 2.6Mb
Flavors: r-release-macos-arm64, r-release-macos-x86_64, r-oldrel-macos-arm64, r-oldrel-macos-x86_64