Last updated on 2023-12-09 04:51:07 CET.
Flavor | Version | Tinstall | Tcheck | Ttotal | Status | Flags |
---|---|---|---|---|---|---|
r-devel-linux-x86_64-debian-clang | 1.0.3 | 10.05 | 87.22 | 97.27 | NOTE | |
r-devel-linux-x86_64-debian-gcc | 1.0.3 | 7.91 | 64.69 | 72.60 | NOTE | |
r-devel-linux-x86_64-fedora-clang | 1.0.3 | 122.41 | OK | |||
r-devel-linux-x86_64-fedora-gcc | 1.0.3 | 112.66 | OK | |||
r-devel-windows-x86_64 | 1.0.3 | 11.00 | 92.00 | 103.00 | OK | |
r-patched-linux-x86_64 | 1.0.3 | 11.35 | 81.06 | 92.41 | OK | |
r-release-linux-x86_64 | 1.0.3 | 8.10 | 81.12 | 89.22 | OK | |
r-release-macos-arm64 | 1.0.3 | 38.00 | OK | |||
r-release-macos-x86_64 | 1.0.3 | 57.00 | OK | |||
r-release-windows-x86_64 | 1.0.3 | 15.00 | 106.00 | 121.00 | OK | |
r-oldrel-macos-arm64 | 1.0.3 | 34.00 | OK | |||
r-oldrel-macos-x86_64 | 1.0.3 | 52.00 | OK | |||
r-oldrel-windows-x86_64 | 1.0.3 | 13.00 | 98.00 | 111.00 | OK |
Version: 1.0.3
Check: Rd files
Result: NOTE
checkRd: (-1) create_modelDF.Rd:25-38: Lost braces
25 | convert_xlsx_to_csv<-function(xlsx_file){
| ^
checkRd: (-1) create_modelDF.Rd:33-36: Lost braces
33 | for (i in Sheetnames) {
| ^
Flavors: r-devel-linux-x86_64-debian-clang, r-devel-linux-x86_64-debian-gcc