CRAN Package Check Results for Package sim.BA

Last updated on 2024-07-12 05:55:40 CEST.

Flavor Version Tinstall Tcheck Ttotal Status Flags
r-devel-linux-x86_64-debian-clang 0.1.0 5.62 143.42 149.04 OK
r-devel-linux-x86_64-debian-gcc 0.1.0 4.78 106.62 111.40 OK
r-devel-linux-x86_64-fedora-clang 0.1.0 187.36 OK
r-devel-linux-x86_64-fedora-gcc 0.1.0 219.79 OK
r-devel-windows-x86_64 0.1.0 7.00 142.00 149.00 OK
r-patched-linux-x86_64 0.1.0 6.01 134.43 140.44 OK
r-release-linux-x86_64 0.1.0 5.51 139.83 145.34 OK
r-release-macos-arm64 0.1.0 72.00 ERROR
r-release-macos-x86_64 0.1.0 97.00 OK
r-release-windows-x86_64 0.1.0 7.00 148.00 155.00 OK
r-oldrel-macos-arm64 0.1.0 100.00 NOTE
r-oldrel-macos-x86_64 0.1.0 145.00 OK
r-oldrel-windows-x86_64 0.1.0 8.00 166.00 174.00 ERROR

Check Details

Version: 0.1.0
Check: re-building of vignette outputs
Result: ERROR Error(s) in re-building vignettes: ... --- re-building ‘sim.BA.Rmd’ using rmarkdown File images/dag.png not found in resource path Error: processing vignette 'sim.BA.Rmd' failed with diagnostics: pandoc document conversion failed with error 99 --- failed re-building ‘sim.BA.Rmd’ SUMMARY: processing the following file failed: ‘sim.BA.Rmd’ Error: Vignette re-building failed. Execution halted Flavor: r-release-macos-arm64

Version: 0.1.0
Check: re-building of vignette outputs
Result: NOTE Error(s) in re-building vignettes: ... --- re-building ‘sim.BA.Rmd’ using rmarkdown File images/dag.png not found in resource path Error: processing vignette 'sim.BA.Rmd' failed with diagnostics: pandoc document conversion failed with error 99 --- failed re-building ‘sim.BA.Rmd’ SUMMARY: processing the following file failed: ‘sim.BA.Rmd’ Error: Vignette re-building failed. Execution halted Flavor: r-oldrel-macos-arm64

Version: 0.1.0
Check: re-building of vignette outputs
Result: ERROR Error(s) in re-building vignettes: --- re-building 'sim.BA.Rmd' using rmarkdown File images/dag.png not found in resource path Error: processing vignette 'sim.BA.Rmd' failed with diagnostics: pandoc document conversion failed with error 99 --- failed re-building 'sim.BA.Rmd' SUMMARY: processing the following file failed: 'sim.BA.Rmd' Error: Vignette re-building failed. Execution halted Flavor: r-oldrel-windows-x86_64