CRAN Package Check Results for Package signalHsmm

Last updated on 2024-03-02 04:48:35 CET.

Flavor Version Tinstall Tcheck Ttotal Status Flags
r-devel-linux-x86_64-debian-clang 1.5 24.01 44.15 68.16 NOTE
r-devel-linux-x86_64-debian-gcc 1.5 17.26 33.60 50.86 NOTE
r-devel-linux-x86_64-fedora-clang 1.5 92.08 NOTE
r-devel-linux-x86_64-fedora-gcc 1.5 86.66 NOTE
r-devel-windows-x86_64 1.5 21.00 71.00 92.00 OK
r-patched-linux-x86_64 1.5 24.84 42.69 67.53 OK
r-release-linux-x86_64 1.5 18.39 42.16 60.55 OK
r-release-macos-arm64 1.5 28.00 OK
r-release-macos-x86_64 1.5 46.00 OK
r-release-windows-x86_64 1.5 27.00 80.00 107.00 OK
r-oldrel-macos-arm64 1.5 30.00 OK
r-oldrel-windows-x86_64 1.5 26.00 82.00 108.00 OK

Check Details

Version: 1.5
Check: Rd files
Result: NOTE checkRd: (-1) add_k_mer_state.Rd:33: Lost braces in \itemize; \value handles \item{}{} directly checkRd: (-1) add_k_mer_state.Rd:34: Lost braces in \itemize; \value handles \item{}{} directly checkRd: (-1) add_k_mer_state.Rd:35: Lost braces in \itemize; \value handles \item{}{} directly checkRd: (-1) add_k_mer_state.Rd:36: Lost braces in \itemize; \value handles \item{}{} directly checkRd: (-1) duration_viterbi.Rd:23: Lost braces in \itemize; \value handles \item{}{} directly checkRd: (-1) duration_viterbi.Rd:24: Lost braces in \itemize; \value handles \item{}{} directly checkRd: (-1) duration_viterbi.Rd:25: Lost braces in \itemize; \value handles \item{}{} directly checkRd: (-1) duration_viterbi.Rd:26: Lost braces in \itemize; \value handles \item{}{} directly Flavors: r-devel-linux-x86_64-debian-clang, r-devel-linux-x86_64-debian-gcc, r-devel-linux-x86_64-fedora-clang, r-devel-linux-x86_64-fedora-gcc