Last updated on 2023-12-07 04:56:37 CET.
Flavor | Version | Tinstall | Tcheck | Ttotal | Status | Flags |
---|---|---|---|---|---|---|
r-devel-linux-x86_64-debian-clang | 0.1.5 | 6.09 | 61.76 | 67.85 | OK | |
r-devel-linux-x86_64-debian-gcc | 0.1.5 | 4.09 | 46.69 | 50.78 | OK | |
r-devel-linux-x86_64-fedora-clang | 0.1.5 | 85.83 | NOTE | |||
r-devel-linux-x86_64-fedora-gcc | 0.1.5 | 81.80 | NOTE | |||
r-devel-windows-x86_64 | 0.1.5 | 7.00 | 73.00 | 80.00 | OK | |
r-patched-linux-x86_64 | 0.1.5 | 4.63 | 59.76 | 64.39 | OK | |
r-release-linux-x86_64 | 0.1.5 | 3.29 | 59.29 | 62.58 | OK | |
r-release-macos-arm64 | 0.1.5 | 28.00 | OK | |||
r-release-macos-x86_64 | 0.1.5 | 43.00 | OK | |||
r-release-windows-x86_64 | 0.1.5 | 9.00 | 82.00 | 91.00 | OK | |
r-oldrel-macos-arm64 | 0.1.5 | 25.00 | NOTE | |||
r-oldrel-macos-x86_64 | 0.1.5 | 50.00 | NOTE | |||
r-oldrel-windows-x86_64 | 0.1.5 | 9.00 | 81.00 | 90.00 | OK |
Version: 0.1.5
Check: data for non-ASCII characters
Result: NOTE
Note: found 28 marked UTF-8 strings
Flavors: r-devel-linux-x86_64-fedora-clang, r-devel-linux-x86_64-fedora-gcc, r-oldrel-macos-arm64, r-oldrel-macos-x86_64