CRAN Package Check Results for Package sidier

Last updated on 2024-02-23 05:07:32 CET.

Flavor Version Tinstall Tcheck Ttotal Status Flags
r-devel-linux-x86_64-debian-clang 4.1.0 NOTE
r-devel-linux-x86_64-debian-gcc 4.1.0 11.44 72.46 83.90 NOTE
r-devel-linux-x86_64-fedora-clang 4.1.0 134.94 OK
r-devel-linux-x86_64-fedora-gcc 4.1.0 142.53 OK
r-devel-windows-x86_64 4.1.0 12.00 97.00 109.00 OK
r-patched-linux-x86_64 4.1.0 19.26 94.16 113.42 OK
r-release-linux-x86_64 4.1.0 9.30 92.84 102.14 OK
r-release-macos-arm64 4.1.0 41.00 OK
r-release-macos-x86_64 4.1.0 67.00 OK
r-release-windows-x86_64 4.1.0 17.00 116.00 133.00 OK
r-oldrel-macos-arm64 4.1.0 40.00 OK
r-oldrel-windows-x86_64 4.1.0 17.00 119.00 136.00 OK

Check Details

Version: 4.1.0
Check: Rd files
Result: NOTE checkRd: (-1) pop.dist.Rd:41: Lost braces; missing escapes or markup? 41 | where \emph{dist(i,j)} represents the distance between populations \emph{i} and \emph{j}, \emph{m} and \emph{n} are the number of sequences in populations \emph{i} and \emph{j}, respectively, and \emph{dist(H_{ki},H_{lj})} is the distance between the \emph{k-th} sequence found in population \emph{i} and the \emph{l-th} sequence found in population \emph{j}. | ^ checkRd: (-1) pop.dist.Rd:41: Lost braces; missing escapes or markup? 41 | where \emph{dist(i,j)} represents the distance between populations \emph{i} and \emph{j}, \emph{m} and \emph{n} are the number of sequences in populations \emph{i} and \emph{j}, respectively, and \emph{dist(H_{ki},H_{lj})} is the distance between the \emph{k-th} sequence found in population \emph{i} and the \emph{l-th} sequence found in population \emph{j}. | ^ Flavors: r-devel-linux-x86_64-debian-clang, r-devel-linux-x86_64-debian-gcc