CRAN Package Check Results for Package shrinkDSM

Last updated on 2024-02-29 04:54:28 CET.

Flavor Version Tinstall Tcheck Ttotal Status Flags
r-devel-linux-x86_64-debian-clang 0.2.0 95.51 44.87 140.38 NOTE
r-devel-linux-x86_64-debian-gcc 0.2.0 76.94 33.89 110.83 NOTE
r-devel-linux-x86_64-fedora-clang 0.2.0 192.63 NOTE
r-devel-linux-x86_64-fedora-gcc 0.2.0 217.93 NOTE
r-devel-windows-x86_64 0.2.0 69.00 73.00 142.00 NOTE
r-patched-linux-x86_64 0.2.0 87.03 43.41 130.44 NOTE
r-release-linux-x86_64 0.2.0 108.57 43.70 152.27 NOTE
r-release-macos-arm64 0.2.0 51.00 NOTE
r-release-macos-x86_64 0.2.0 80.00 NOTE
r-release-windows-x86_64 0.2.0 90.00 86.00 176.00 NOTE
r-oldrel-macos-arm64 0.2.0 63.00 NOTE
r-oldrel-windows-x86_64 0.2.0 85.00 84.00 169.00 OK

Check Details

Version: 0.2.0
Check: C++ specification
Result: NOTE Specified C++11: please drop specification unless essential Flavors: r-devel-linux-x86_64-debian-clang, r-devel-linux-x86_64-debian-gcc, r-devel-linux-x86_64-fedora-clang, r-devel-linux-x86_64-fedora-gcc, r-devel-windows-x86_64, r-patched-linux-x86_64, r-release-linux-x86_64, r-release-macos-arm64, r-release-macos-x86_64, r-release-windows-x86_64

Version: 0.2.0
Check: installed package size
Result: NOTE installed size is 5.4Mb sub-directories of 1Mb or more: libs 5.2Mb Flavors: r-release-macos-arm64, r-release-macos-x86_64, r-oldrel-macos-arm64