Last updated on 2023-12-09 04:51:07 CET.
Flavor | Version | Tinstall | Tcheck | Ttotal | Status | Flags |
---|---|---|---|---|---|---|
r-devel-linux-x86_64-debian-clang | 0.3.1 | 14.79 | 88.87 | 103.66 | NOTE | |
r-devel-linux-x86_64-debian-gcc | 0.3.1 | 9.60 | 68.01 | 77.61 | NOTE | |
r-devel-linux-x86_64-fedora-clang | 0.3.1 | 194.86 | OK | |||
r-devel-linux-x86_64-fedora-gcc | 0.3.1 | 199.02 | OK | |||
r-devel-windows-x86_64 | 0.3.1 | 15.00 | 100.00 | 115.00 | OK | |
r-patched-linux-x86_64 | 0.3.1 | 19.72 | 86.92 | 106.64 | OK | |
r-release-linux-x86_64 | 0.3.1 | 10.12 | 86.19 | 96.31 | OK | |
r-release-macos-arm64 | 0.3.1 | 92.00 | OK | |||
r-release-macos-x86_64 | 0.3.1 | 181.00 | OK | |||
r-release-windows-x86_64 | 0.3.1 | 18.00 | 109.00 | 127.00 | OK | |
r-oldrel-macos-arm64 | 0.3.1 | 90.00 | OK | |||
r-oldrel-macos-x86_64 | 0.3.1 | 66.00 | OK | |||
r-oldrel-windows-x86_64 | 0.3.1 | 18.00 | 109.00 | 127.00 | OK |
Version: 0.3.1
Check: Rd files
Result: NOTE
checkRd: (-1) AppDriver.Rd:1087: Lost braces; missing escapes or markup?
1087 | _snaps/{variant}/{test.md}\verb{, so }variant` must be a single
| ^
checkRd: (-1) AppDriver.Rd:1087: Lost braces; missing escapes or markup?
1087 | _snaps/{variant}/{test.md}\verb{, so }variant` must be a single
| ^
Flavors: r-devel-linux-x86_64-debian-clang, r-devel-linux-x86_64-debian-gcc