CRAN Package Check Results for Package shinystan

Last updated on 2023-11-29 04:57:36 CET.

Flavor Version Tinstall Tcheck Ttotal Status Flags
r-devel-linux-x86_64-debian-clang 2.6.0 29.99 194.93 224.92 NOTE
r-devel-linux-x86_64-debian-gcc 2.6.0 22.03 142.92 164.95 NOTE
r-devel-linux-x86_64-fedora-clang 2.6.0 277.73 NOTE
r-devel-linux-x86_64-fedora-gcc 2.6.0 273.00 NOTE
r-devel-windows-x86_64 2.6.0 18.00 140.00 158.00 NOTE
r-patched-linux-x86_64 2.6.0 18.91 185.80 204.71 NOTE
r-release-linux-x86_64 2.6.0 21.64 183.98 205.62 NOTE
r-release-macos-arm64 2.6.0 68.00 NOTE
r-release-macos-x86_64 2.6.0 106.00 NOTE
r-release-windows-x86_64 2.6.0 22.00 182.00 204.00 NOTE
r-oldrel-macos-arm64 2.6.0 56.00 NOTE
r-oldrel-macos-x86_64 2.6.0 98.00 NOTE
r-oldrel-windows-x86_64 2.6.0 24.00 182.00 206.00 NOTE

Check Details

Version: 2.6.0
Check: package dependencies
Result: NOTE Package suggested but not available for checking: ‘cmdstanr’ Flavors: r-devel-linux-x86_64-debian-clang, r-devel-linux-x86_64-debian-gcc, r-devel-linux-x86_64-fedora-clang, r-devel-linux-x86_64-fedora-gcc, r-devel-windows-x86_64, r-patched-linux-x86_64, r-release-linux-x86_64, r-release-macos-arm64, r-release-macos-x86_64, r-release-windows-x86_64, r-oldrel-macos-arm64, r-oldrel-macos-x86_64, r-oldrel-windows-x86_64