CRAN Package Check Results for Package shinyreforms

Last updated on 2023-12-09 04:51:07 CET.

Flavor Version Tinstall Tcheck Ttotal Status Flags
r-devel-linux-x86_64-debian-clang 0.0.1 5.83 43.43 49.26 NOTE
r-devel-linux-x86_64-debian-gcc 0.0.1 4.91 34.03 38.94 NOTE
r-devel-linux-x86_64-fedora-clang 0.0.1 62.08 NOTE
r-devel-linux-x86_64-fedora-gcc 0.0.1 69.62 NOTE
r-devel-windows-x86_64 0.0.1 7.00 65.00 72.00 NOTE
r-patched-linux-x86_64 0.0.1 4.77 42.81 47.58 NOTE
r-release-linux-x86_64 0.0.1 4.82 41.90 46.72 NOTE
r-release-macos-arm64 0.0.1 28.00 NOTE
r-release-macos-x86_64 0.0.1 44.00 NOTE
r-release-windows-x86_64 0.0.1 9.00 59.00 68.00 NOTE
r-oldrel-macos-arm64 0.0.1 21.00 NOTE
r-oldrel-macos-x86_64 0.0.1 42.00 NOTE
r-oldrel-windows-x86_64 0.0.1 8.00 64.00 72.00 NOTE

Check Details

Version: 0.0.1
Check: Rd files
Result: NOTE checkRd: (-1) addValidationSuffix.Rd:13: Lost braces; missing escapes or markup? 13 | A string `"{tagId}-shinyreforms-validation"`. | ^ Flavors: r-devel-linux-x86_64-debian-clang, r-devel-linux-x86_64-debian-gcc

Version: 0.0.1
Check: LazyData
Result: NOTE 'LazyData' is specified without a 'data' directory Flavors: r-devel-linux-x86_64-debian-clang, r-devel-linux-x86_64-debian-gcc, r-devel-linux-x86_64-fedora-clang, r-devel-linux-x86_64-fedora-gcc, r-devel-windows-x86_64, r-patched-linux-x86_64, r-release-linux-x86_64, r-release-macos-arm64, r-release-macos-x86_64, r-release-windows-x86_64, r-oldrel-macos-arm64, r-oldrel-macos-x86_64, r-oldrel-windows-x86_64