Last updated on 2023-12-02 04:52:29 CET.
Flavor | Version | Tinstall | Tcheck | Ttotal | Status | Flags |
---|---|---|---|---|---|---|
r-devel-linux-x86_64-debian-clang | 1.2.0 | 3.71 | 31.79 | 35.50 | NOTE | |
r-devel-linux-x86_64-debian-gcc | 1.2.0 | 2.64 | 24.72 | 27.36 | NOTE | |
r-devel-linux-x86_64-fedora-clang | 1.2.0 | 45.22 | NOTE | |||
r-devel-linux-x86_64-fedora-gcc | 1.2.0 | 42.76 | NOTE | |||
r-devel-windows-x86_64 | 1.2.0 | 5.00 | 56.00 | 61.00 | NOTE | |
r-patched-linux-x86_64 | 1.2.0 | 4.49 | 31.40 | 35.89 | NOTE | |
r-release-linux-x86_64 | 1.2.0 | 3.93 | 31.42 | 35.35 | NOTE | |
r-release-macos-arm64 | 1.2.0 | 20.00 | NOTE | |||
r-release-macos-x86_64 | 1.2.0 | 28.00 | NOTE | |||
r-release-windows-x86_64 | 1.2.0 | 6.00 | 57.00 | 63.00 | NOTE | |
r-oldrel-macos-arm64 | 1.2.0 | 19.00 | NOTE | |||
r-oldrel-macos-x86_64 | 1.2.0 | 27.00 | NOTE | |||
r-oldrel-windows-x86_64 | 1.2.0 | 6.00 | 55.00 | 61.00 | NOTE |
Version: 1.2.0
Check: LazyData
Result: NOTE
'LazyData' is specified without a 'data' directory
Flavors: r-devel-linux-x86_64-debian-clang, r-devel-linux-x86_64-debian-gcc, r-devel-linux-x86_64-fedora-clang, r-devel-linux-x86_64-fedora-gcc, r-devel-windows-x86_64, r-patched-linux-x86_64, r-release-linux-x86_64, r-release-macos-arm64, r-release-macos-x86_64, r-release-windows-x86_64, r-oldrel-macos-arm64, r-oldrel-macos-x86_64, r-oldrel-windows-x86_64