CRAN Package Check Results for Package shinymanager

Last updated on 2024-02-24 04:58:55 CET.

Flavor Version Tinstall Tcheck Ttotal Status Flags
r-devel-linux-x86_64-debian-clang 1.0.410 13.30 96.03 109.33 NOTE
r-devel-linux-x86_64-debian-gcc 1.0.410 10.95 72.67 83.62 NOTE
r-devel-linux-x86_64-fedora-clang 1.0.410 128.12 OK
r-devel-linux-x86_64-fedora-gcc 1.0.410 150.00 OK
r-devel-windows-x86_64 1.0.410 12.00 88.00 100.00 OK
r-patched-linux-x86_64 1.0.410 10.61 90.49 101.10 OK
r-release-linux-x86_64 1.0.410 8.59 91.91 100.50 OK
r-release-macos-arm64 1.0.410 49.00 OK
r-release-macos-x86_64 1.0.410 78.00 OK
r-release-windows-x86_64 1.0.410 15.00 101.00 116.00 OK
r-oldrel-macos-arm64 1.0.410 42.00 OK
r-oldrel-windows-x86_64 1.0.410 17.00 104.00 121.00 OK

Check Details

Version: 1.0.410
Check: Rd files
Result: NOTE checkRd: (-1) custom-labels.Rd:7: Lost braces; missing escapes or markup? 7 | \title{Modify {shinymanager} labels to use custom text} | ^ checkRd: (-1) use_language.Rd:5: Lost braces; missing escapes or markup? 5 | \title{Use {shinymanager} labels} | ^ Flavors: r-devel-linux-x86_64-debian-clang, r-devel-linux-x86_64-debian-gcc